Last updated on 2024-04-25 20:48:23 CEST.
Flavor | Version | Tinstall | Tcheck | Ttotal | Status | Flags |
---|---|---|---|---|---|---|
r-devel-linux-x86_64-debian-clang | 2.2.0 | 29.22 | 117.07 | 146.29 | OK | |
r-devel-linux-x86_64-debian-gcc | 2.2.0 | 24.14 | 84.75 | 108.89 | OK | |
r-devel-linux-x86_64-fedora-clang | 2.2.0 | 190.94 | NOTE | |||
r-devel-linux-x86_64-fedora-gcc | 2.2.0 | 180.68 | NOTE | |||
r-devel-windows-x86_64 | 2.2.0 | 29.00 | 97.00 | 126.00 | OK | |
r-patched-linux-x86_64 | 2.2.0 | 30.51 | 111.26 | 141.77 | OK | |
r-release-linux-x86_64 | 2.2.0 | 33.33 | 110.19 | 143.52 | OK | |
r-release-macos-arm64 | 2.2.0 | 57.00 | OK | |||
r-release-windows-x86_64 | 2.2.0 | 28.00 | 97.00 | 125.00 | OK | |
r-oldrel-macos-arm64 | 2.2.0 | 65.00 | OK | |||
r-oldrel-macos-x86_64 | 2.2.0 | 136.00 | OK | |||
r-oldrel-windows-x86_64 | 2.2.0 | 37.00 | 119.00 | 156.00 | OK |
Version: 2.2.0
Check: data for non-ASCII characters
Result: NOTE
Note: found 1 marked UTF-8 string
Flavors: r-devel-linux-x86_64-fedora-clang, r-devel-linux-x86_64-fedora-gcc