Last updated on 2025-11-02 23:49:39 CET.
| Flavor | Version | Tinstall | Tcheck | Ttotal | Status | Flags |
|---|---|---|---|---|---|---|
| r-devel-linux-x86_64-debian-clang | 0.3.0 | 14.48 | 119.38 | 133.86 | NOTE | |
| r-devel-linux-x86_64-debian-gcc | 0.3.0 | 10.26 | 86.54 | 96.80 | NOTE | |
| r-devel-linux-x86_64-fedora-clang | 0.3.0 | 76.00 | 137.62 | 213.62 | OK | |
| r-devel-linux-x86_64-fedora-gcc | 0.3.0 | 30.00 | 159.48 | 189.48 | OK | |
| r-devel-windows-x86_64 | 0.3.0 | 14.00 | 116.00 | 130.00 | OK | |
| r-patched-linux-x86_64 | 0.3.0 | 14.85 | 111.10 | 125.95 | OK | |
| r-release-linux-x86_64 | 0.3.0 | 13.03 | 112.52 | 125.55 | OK | |
| r-release-macos-arm64 | 0.3.0 | 7.00 | 46.00 | 53.00 | OK | |
| r-release-macos-x86_64 | 0.3.0 | 13.00 | 100.00 | 113.00 | OK | |
| r-release-windows-x86_64 | 0.3.0 | 15.00 | 110.00 | 125.00 | OK | |
| r-oldrel-macos-arm64 | 0.3.0 | 6.00 | 47.00 | 53.00 | OK | |
| r-oldrel-macos-x86_64 | 0.3.0 | 15.00 | 108.00 | 123.00 | OK | |
| r-oldrel-windows-x86_64 | 0.3.0 | 21.00 | 150.00 | 171.00 | OK |
Version: 0.3.0
Check: DESCRIPTION meta-information
Result: NOTE
Author field differs from that derived from Authors@R
Author: ‘Mikko Vihtakari [aut, cre] (Institute of Marine Research, <https://orcid.org/0000-0003-0371-4319>)’
Authors@R: ‘Mikko Vihtakari [aut, cre] (affiliation: Institute of Marine Research, ORCID: <https://orcid.org/0000-0003-0371-4319>)’
Flavors: r-devel-linux-x86_64-debian-clang, r-devel-linux-x86_64-debian-gcc