Last updated on 2025-07-12 20:50:30 CEST.
Flavor | Version | Tinstall | Tcheck | Ttotal | Status | Flags |
---|---|---|---|---|---|---|
r-devel-linux-x86_64-debian-clang | 1.3 | 4.50 | 46.23 | 50.73 | OK | |
r-devel-linux-x86_64-debian-gcc | 1.3 | 3.70 | 32.24 | 35.94 | OK | |
r-devel-linux-x86_64-fedora-clang | 1.3 | 78.46 | OK | |||
r-devel-linux-x86_64-fedora-gcc | 1.3 | 73.96 | OK | |||
r-devel-windows-x86_64 | 1.3 | 7.00 | 60.00 | 67.00 | OK | |
r-patched-linux-x86_64 | 1.3 | 5.04 | 42.53 | 47.57 | OK | |
r-release-linux-x86_64 | 1.3 | 4.55 | 42.10 | 46.65 | OK | |
r-release-macos-arm64 | 1.3 | 42.00 | OK | |||
r-release-macos-x86_64 | 1.3 | 43.00 | OK | |||
r-release-windows-x86_64 | 1.3 | 8.00 | 59.00 | 67.00 | OK | |
r-oldrel-macos-arm64 | 1.3 | 24.00 | NOTE | |||
r-oldrel-macos-x86_64 | 1.3 | 34.00 | NOTE | |||
r-oldrel-windows-x86_64 | 1.3 | 9.00 | 70.00 | 79.00 | NOTE |
Version: 1.3
Check: LazyData
Result: NOTE
'LazyData' is specified without a 'data' directory
Flavors: r-oldrel-macos-arm64, r-oldrel-macos-x86_64, r-oldrel-windows-x86_64