CRAN Package Check Results for Package gexp

Last updated on 2025-07-25 20:49:29 CEST.

Flavor Version Tinstall Tcheck Ttotal Status Flags
r-devel-linux-x86_64-debian-clang 1.0-21 5.16 47.18 52.34 NOTE
r-devel-linux-x86_64-debian-gcc 1.0-21 4.82 45.29 50.11 NOTE
r-devel-linux-x86_64-fedora-clang 1.0-21 76.58 OK
r-devel-linux-x86_64-fedora-gcc 1.0-21 91.75 OK
r-devel-windows-x86_64 1.0-21 6.00 70.00 76.00 OK
r-patched-linux-x86_64 1.0-21 4.72 40.30 45.02 OK
r-release-linux-x86_64 1.0-21 4.19 40.25 44.44 OK
r-release-macos-arm64 1.0-21 44.00 OK
r-release-macos-x86_64 1.0-21 56.00 OK
r-release-windows-x86_64 1.0-21 6.00 57.00 63.00 OK
r-oldrel-macos-arm64 1.0-21 37.00 OK
r-oldrel-macos-x86_64 1.0-21 49.00 OK
r-oldrel-windows-x86_64 1.0-21 5.00 67.00 72.00 OK

Check Details

Version: 1.0-21
Check: CRAN incoming feasibility
Result: NOTE Maintainer: ‘Ivan Bezerra Allaman <ivanalaman@gmail.com>’ No Authors@R field in DESCRIPTION. Please add one, modifying Authors@R: c(person(given = c("Ivan", "Bezerra"), family = "Allaman", role = c("aut", "cre"), email = "ivanalaman@gmail.com"), person(given = c("Jose", "Claudio"), family = "Faria", role = "aut", email = "joseclaudio.faria@gmail.com")) as necessary. Flavors: r-devel-linux-x86_64-debian-clang, r-devel-linux-x86_64-debian-gcc