Last updated on 2025-10-21 21:01:07 CEST.
Flavor | Version | Tinstall | Tcheck | Ttotal | Status | Flags |
---|---|---|---|---|---|---|
r-devel-linux-x86_64-debian-clang | 0.38 | 10.75 | 108.82 | 119.57 | NOTE | |
r-devel-linux-x86_64-debian-gcc | 0.38 | 8.79 | 73.22 | 82.01 | NOTE | |
r-devel-linux-x86_64-fedora-clang | 0.38 | 32.00 | 138.68 | 170.68 | OK | |
r-devel-linux-x86_64-fedora-gcc | 0.38 | 24.00 | 158.49 | 182.49 | OK | |
r-devel-windows-x86_64 | 0.38 | 14.00 | 142.00 | 156.00 | OK | |
r-patched-linux-x86_64 | 0.38 | 12.36 | 103.46 | 115.82 | OK | |
r-release-linux-x86_64 | 0.38 | 12.80 | 105.26 | 118.06 | OK | |
r-release-macos-arm64 | 0.38 | 6.00 | 78.00 | 84.00 | OK | |
r-release-macos-x86_64 | 0.38 | 12.00 | 105.00 | 117.00 | OK | |
r-release-windows-x86_64 | 0.38 | 13.00 | 147.00 | 160.00 | OK | |
r-oldrel-macos-arm64 | 0.38 | 6.00 | 52.00 | 58.00 | OK | |
r-oldrel-macos-x86_64 | 0.38 | 14.00 | 144.00 | 158.00 | OK | |
r-oldrel-windows-x86_64 | 0.38 | 19.00 | 169.00 | 188.00 | OK |
Version: 0.38
Check: CRAN incoming feasibility
Result: NOTE
Maintainer: ‘Genaro Sucarrat <genaro.sucarrat@bi.no>’
No Authors@R field in DESCRIPTION.
Please add one, modifying
Authors@R: c(person(given = "Genaro",
family = "Sucarrat",
role = c("aut", "cre"),
email = "genaro.sucarrat@bi.no"),
person(given = "Felix",
family = "Pretis",
role = "aut"),
person(given = "James",
family = "Reade",
role = "aut"),
person(given = "Jonas",
family = "Kurle",
role = "ctb"),
person(given = "Moritz",
family = "Schwarz",
role = "ctb"))
as necessary.
Flavors: r-devel-linux-x86_64-debian-clang, r-devel-linux-x86_64-debian-gcc