Last updated on 2024-04-23 20:52:04 CEST.
Flavor | Version | Tinstall | Tcheck | Ttotal | Status | Flags |
---|---|---|---|---|---|---|
r-devel-linux-x86_64-debian-clang | 1.3.0 | 14.14 | 121.32 | 135.46 | NOTE | |
r-devel-linux-x86_64-debian-gcc | 1.3.0 | 10.82 | 88.06 | 98.88 | NOTE | |
r-devel-linux-x86_64-fedora-clang | 1.3.0 | 171.46 | NOTE | |||
r-devel-linux-x86_64-fedora-gcc | 1.3.0 | 167.56 | NOTE | |||
r-prerel-macos-arm64 | 1.3.0 | 45.00 | NOTE | |||
r-prerel-windows-x86_64 | 1.3.0 | 12.00 | 100.00 | 112.00 | NOTE | |
r-patched-linux-x86_64 | 1.3.0 | 11.38 | 116.98 | 128.36 | NOTE | |
r-release-linux-x86_64 | 1.3.0 | 9.69 | 118.80 | 128.49 | OK | |
r-release-macos-arm64 | 1.3.0 | 48.00 | OK | |||
r-release-macos-x86_64 | 1.3.0 | 82.00 | OK | |||
r-release-windows-x86_64 | 1.3.0 | 16.00 | 119.00 | 135.00 | OK | |
r-oldrel-macos-arm64 | 1.3.0 | 48.00 | OK | |||
r-oldrel-windows-x86_64 | 1.3.0 | 16.00 | 125.00 | 141.00 | OK |
Version: 1.3.0
Check: Rd files
Result: NOTE
checkRd: (-1) gestMultiple.Rd:80: Lost braces in \itemize; meant \describe ?
checkRd: (-1) gestMultiple.Rd:81-83: Lost braces in \itemize; meant \describe ?
checkRd: (-1) gestMultiple.Rd:84-86: Lost braces in \itemize; meant \describe ?
checkRd: (-1) gestMultiple.Rd:87-90: Lost braces in \itemize; meant \describe ?
checkRd: (-1) gestSingle.Rd:74: Lost braces in \itemize; meant \describe ?
checkRd: (-1) gestSingle.Rd:75-78: Lost braces in \itemize; meant \describe ?
checkRd: (-1) gestSingle.Rd:79-80: Lost braces in \itemize; meant \describe ?
checkRd: (-1) gestSingle.Rd:81-84: Lost braces in \itemize; meant \describe ?
Flavors: r-devel-linux-x86_64-debian-clang, r-devel-linux-x86_64-debian-gcc, r-devel-linux-x86_64-fedora-clang, r-devel-linux-x86_64-fedora-gcc, r-prerel-macos-arm64, r-prerel-windows-x86_64, r-patched-linux-x86_64