Last updated on 2023-09-22 20:51:54 CEST.
Flavor | Version | Tinstall | Tcheck | Ttotal | Status | Flags |
---|---|---|---|---|---|---|
r-devel-linux-x86_64-debian-clang | 1.0.2 | 157.77 | 206.65 | 364.42 | NOTE | |
r-devel-linux-x86_64-debian-gcc | 1.0.2 | 132.93 | 158.75 | 291.68 | NOTE | |
r-devel-linux-x86_64-fedora-clang | 1.0.2 | 463.47 | NOTE | |||
r-devel-linux-x86_64-fedora-gcc | 1.0.2 | 560.52 | NOTE | |||
r-devel-windows-x86_64 | 1.0.2 | 116.00 | 172.00 | 288.00 | NOTE | |
r-patched-linux-x86_64 | 1.0.2 | 172.76 | 203.91 | 376.67 | NOTE | |
r-release-linux-x86_64 | 1.0.2 | 171.27 | 205.13 | 376.40 | NOTE | |
r-release-macos-arm64 | 1.0.2 | 136.00 | NOTE | |||
r-release-macos-x86_64 | 1.0.2 | 209.00 | NOTE | |||
r-release-windows-x86_64 | 1.0.2 | 147.00 | 201.00 | 348.00 | NOTE | |
r-oldrel-macos-arm64 | 1.0.2 | 127.00 | NOTE | |||
r-oldrel-macos-x86_64 | 1.0.2 | 189.00 | NOTE | |||
r-oldrel-windows-x86_64 | 1.0.2 | 141.00 | 192.00 | 333.00 | OK |
Version: 1.0.2
Check: C++ specification
Result: NOTE
Specified C++11: please drop specification unless essential
Flavors: r-devel-linux-x86_64-debian-clang, r-devel-linux-x86_64-debian-gcc, r-devel-linux-x86_64-fedora-clang, r-devel-linux-x86_64-fedora-gcc, r-devel-windows-x86_64, r-patched-linux-x86_64, r-release-linux-x86_64, r-release-macos-arm64, r-release-macos-x86_64, r-release-windows-x86_64
Version: 1.0.2
Check: installed package size
Result: NOTE
installed size is 34.1Mb
sub-directories of 1Mb or more:
libs 33.8Mb
Flavors: r-release-macos-arm64, r-release-macos-x86_64, r-oldrel-macos-arm64, r-oldrel-macos-x86_64