Last updated on 2023-01-26 19:49:28 CET.
Flavor | Version | Tinstall | Tcheck | Ttotal | Status | Flags |
---|---|---|---|---|---|---|
r-devel-linux-x86_64-debian-clang | 1.0-2 | 13.12 | 140.85 | 153.97 | OK | |
r-devel-linux-x86_64-debian-gcc | 1.0-2 | 9.96 | 101.51 | 111.47 | OK | |
r-devel-linux-x86_64-fedora-clang | 1.0-2 | 184.75 | NOTE | |||
r-devel-linux-x86_64-fedora-gcc | 1.0-2 | 182.67 | OK | |||
r-devel-windows-x86_64 | 1.0-2 | 24.00 | 158.00 | 182.00 | OK | |
r-patched-linux-x86_64 | 1.0-2 | 17.84 | 132.48 | 150.32 | OK | |
r-release-linux-x86_64 | 1.0-2 | 13.52 | 135.89 | 149.41 | OK | |
r-release-macos-arm64 | 1.0-2 | 47.00 | OK | |||
r-release-macos-x86_64 | 1.0-2 | 100.00 | OK | |||
r-release-windows-x86_64 | 1.0-2 | 27.00 | 162.00 | 189.00 | OK | |
r-oldrel-macos-arm64 | 1.0-2 | 51.00 | OK | |||
r-oldrel-macos-x86_64 | 1.0-2 | 83.00 | OK | |||
r-oldrel-windows-ix86+x86_64 | 1.0-2 | 32.00 | 154.00 | 186.00 | OK |
Version: 1.0-2
Check: Rd cross-references
Result: NOTE
Undeclared package ‘nloptr’ in Rd xrefs
Flavor: r-devel-linux-x86_64-fedora-clang