Last updated on 2024-04-17 20:57:35 CEST.
Flavor | Version | Tinstall | Tcheck | Ttotal | Status | Flags |
---|---|---|---|---|---|---|
r-devel-linux-x86_64-debian-clang | 1.0-4 | 9.30 | 111.16 | 120.46 | OK | |
r-devel-linux-x86_64-debian-gcc | 1.0-4 | 7.30 | 81.97 | 89.27 | OK | |
r-devel-linux-x86_64-fedora-clang | 1.0-4 | 149.93 | NOTE | |||
r-devel-linux-x86_64-fedora-gcc | 1.0-4 | 153.12 | NOTE | |||
r-prerel-macos-arm64 | 1.0-4 | 41.00 | OK | |||
r-prerel-macos-x86_64 | 1.0-4 | 117.00 | OK | |||
r-prerel-windows-x86_64 | 1.0-4 | 11.00 | 101.00 | 112.00 | OK | |
r-patched-linux-x86_64 | 1.0-4 | 14.15 | 106.37 | 120.52 | OK | |
r-release-linux-x86_64 | 1.0-4 | 9.09 | 105.60 | 114.69 | OK | |
r-release-macos-arm64 | 1.0-4 | 49.00 | OK | |||
r-release-macos-x86_64 | 1.0-4 | 86.00 | OK | |||
r-release-windows-x86_64 | 1.0-4 | 13.00 | 121.00 | 134.00 | OK | |
r-oldrel-macos-arm64 | 1.0-4 | 47.00 | OK | |||
r-oldrel-windows-x86_64 | 1.0-4 | 14.00 | 125.00 | 139.00 | OK |
Version: 1.0-4
Check: data for non-ASCII characters
Result: NOTE
Note: found 1 marked UTF-8 string
Flavors: r-devel-linux-x86_64-fedora-clang, r-devel-linux-x86_64-fedora-gcc