Last updated on 2024-07-17 20:57:00 CEST.
Flavor | Version | Tinstall | Tcheck | Ttotal | Status | Flags |
---|---|---|---|---|---|---|
r-devel-linux-x86_64-debian-clang | 0.3-19 | 28.95 | 291.64 | 320.59 | OK | |
r-devel-linux-x86_64-debian-gcc | 0.3-19 | 24.59 | 215.22 | 239.81 | OK | |
r-devel-linux-x86_64-fedora-clang | 0.3-19 | 391.22 | OK | |||
r-devel-linux-x86_64-fedora-gcc | 0.3-19 | 391.80 | OK | |||
r-devel-windows-x86_64 | 0.3-19 | 26.00 | 222.00 | 248.00 | NOTE | |
r-patched-linux-x86_64 | 0.3-19 | 35.33 | 271.71 | 307.04 | OK | |
r-release-linux-x86_64 | 0.3-19 | 29.67 | 271.38 | 301.05 | OK | |
r-release-macos-arm64 | 0.3-19 | 114.00 | OK | |||
r-release-macos-x86_64 | 0.3-19 | 178.00 | OK | |||
r-release-windows-x86_64 | 0.3-19 | 26.00 | 222.00 | 248.00 | OK | |
r-oldrel-macos-arm64 | 0.3-19 | 157.00 | OK | |||
r-oldrel-macos-x86_64 | 0.3-19 | 325.00 | OK | |||
r-oldrel-windows-x86_64 | 0.3-19 | 33.00 | 263.00 | 296.00 | OK |
Version: 0.3-19
Check: Rd cross-references
Result: NOTE
Found the following Rd file(s) with Rd \link{} targets missing package
anchors:
lgnpp.Rd: SpatialPolygonsDataFrame
Please provide package anchors for all Rd \link{} targets not in the
package itself and the base packages.
Flavor: r-devel-windows-x86_64