Last updated on 2024-07-17 20:57:00 CEST.
Flavor | Version | Tinstall | Tcheck | Ttotal | Status | Flags |
---|---|---|---|---|---|---|
r-devel-linux-x86_64-debian-clang | 0.6.5 | 3.23 | 34.83 | 38.06 | OK | |
r-devel-linux-x86_64-debian-gcc | 0.6.5 | 2.31 | 26.03 | 28.34 | OK | |
r-devel-linux-x86_64-fedora-clang | 0.6.5 | 45.74 | NOTE | |||
r-devel-linux-x86_64-fedora-gcc | 0.6.5 | 43.45 | NOTE | |||
r-devel-windows-x86_64 | 0.6.5 | 5.00 | 52.00 | 57.00 | OK | |
r-patched-linux-x86_64 | 0.6.5 | 2.94 | 33.20 | 36.14 | OK | |
r-release-linux-x86_64 | 0.6.5 | 3.19 | 33.07 | 36.26 | OK | |
r-release-macos-arm64 | 0.6.5 | 19.00 | OK | |||
r-release-macos-x86_64 | 0.6.5 | 27.00 | OK | |||
r-release-windows-x86_64 | 0.6.5 | 5.00 | 52.00 | 57.00 | OK | |
r-oldrel-macos-arm64 | 0.6.5 | 24.00 | OK | |||
r-oldrel-macos-x86_64 | 0.6.5 | 42.00 | OK | |||
r-oldrel-windows-x86_64 | 0.6.5 | 5.00 | 54.00 | 59.00 | OK |
Version: 0.6.5
Check: data for non-ASCII characters
Result: NOTE
Note: found 2085 marked UTF-8 strings
Flavors: r-devel-linux-x86_64-fedora-clang, r-devel-linux-x86_64-fedora-gcc