CRAN Package Check Results for Package geomtextpath

Last updated on 2024-03-03 19:56:23 CET.

Flavor Version Tinstall Tcheck Ttotal Status Flags
r-devel-linux-x86_64-debian-clang 0.1.1 9.92 154.36 164.28 ERROR
r-devel-linux-x86_64-debian-gcc 0.1.1 7.52 115.06 122.58 ERROR
r-devel-linux-x86_64-fedora-clang 0.1.1 188.83 ERROR
r-devel-linux-x86_64-fedora-gcc 0.1.1 208.04 ERROR
r-devel-windows-x86_64 0.1.1 11.00 120.00 131.00 OK
r-patched-linux-x86_64 0.1.1 11.37 150.05 161.42 ERROR
r-release-linux-x86_64 0.1.1 10.68 149.94 160.62 ERROR
r-release-macos-arm64 0.1.1 79.00 OK
r-release-macos-x86_64 0.1.1 108.00 OK
r-release-windows-x86_64 0.1.1 14.00 149.00 163.00 ERROR
r-oldrel-macos-arm64 0.1.1 68.00 OK
r-oldrel-windows-x86_64 0.1.1 15.00 143.00 158.00 ERROR

Check Details

Version: 0.1.1
Check: tests
Result: ERROR Running ‘testthat.R’ [17s/21s] Running the tests in ‘tests/testthat.R’ failed. Complete output: > library(testthat) > library(geomtextpath) Loading required package: ggplot2 > > test_check("geomtextpath") [ FAIL 1 | WARN 7 | SKIP 3 | PASS 460 ] ══ Skipped tests (3) ═══════════════════════════════════════════════════════════ • On CRAN (2): 'test-text_helpers.R:30:3', 'test-utils.R:215:3' • utils.R has been moved (1): 'test-utils.R:275:3' ══ Failed tests ════════════════════════════════════════════════════════════════ ── Failure ('test-coord_curvedpolar.R:76:3'): wrapping first and last labels works as expected ── make_label(axis_labels$textpath$label[[9]]$glyph) (`actual`) not identical to expression(paste(1, "/", 10)) (`expected`). `actual[[1]]`: `paste(1L, "/", 10L)` `expected[[1]]`: `paste(1, "/", 10)` [ FAIL 1 | WARN 7 | SKIP 3 | PASS 460 ] Error: Test failures Execution halted Flavor: r-devel-linux-x86_64-debian-clang

Version: 0.1.1
Check: tests
Result: ERROR Running ‘testthat.R’ [13s/23s] Running the tests in ‘tests/testthat.R’ failed. Complete output: > library(testthat) > library(geomtextpath) Loading required package: ggplot2 > > test_check("geomtextpath") [ FAIL 1 | WARN 7 | SKIP 3 | PASS 460 ] ══ Skipped tests (3) ═══════════════════════════════════════════════════════════ • On CRAN (2): 'test-text_helpers.R:30:3', 'test-utils.R:215:3' • utils.R has been moved (1): 'test-utils.R:275:3' ══ Failed tests ════════════════════════════════════════════════════════════════ ── Failure ('test-coord_curvedpolar.R:76:3'): wrapping first and last labels works as expected ── make_label(axis_labels$textpath$label[[9]]$glyph) (`actual`) not identical to expression(paste(1, "/", 10)) (`expected`). `actual[[1]]`: `paste(1L, "/", 10L)` `expected[[1]]`: `paste(1, "/", 10)` [ FAIL 1 | WARN 7 | SKIP 3 | PASS 460 ] Error: Test failures Execution halted Flavor: r-devel-linux-x86_64-debian-gcc

Version: 0.1.1
Check: tests
Result: ERROR Running ‘testthat.R’ [19s/27s] Running the tests in ‘tests/testthat.R’ failed. Complete output: > library(testthat) > library(geomtextpath) Loading required package: ggplot2 > > test_check("geomtextpath") [ FAIL 1 | WARN 7 | SKIP 3 | PASS 460 ] ══ Skipped tests (3) ═══════════════════════════════════════════════════════════ • On CRAN (2): 'test-text_helpers.R:30:3', 'test-utils.R:215:3' • utils.R has been moved (1): 'test-utils.R:275:3' ══ Failed tests ════════════════════════════════════════════════════════════════ ── Failure ('test-coord_curvedpolar.R:76:3'): wrapping first and last labels works as expected ── make_label(axis_labels$textpath$label[[9]]$glyph) (`actual`) not identical to expression(paste(1, "/", 10)) (`expected`). `actual[[1]]`: `paste(1L, "/", 10L)` `expected[[1]]`: `paste(1, "/", 10)` [ FAIL 1 | WARN 7 | SKIP 3 | PASS 460 ] Error: Test failures Execution halted Flavor: r-devel-linux-x86_64-fedora-clang

Version: 0.1.1
Check: tests
Result: ERROR Running ‘testthat.R’ [19s/58s] Running the tests in ‘tests/testthat.R’ failed. Complete output: > library(testthat) > library(geomtextpath) Loading required package: ggplot2 > > test_check("geomtextpath") [ FAIL 1 | WARN 7 | SKIP 3 | PASS 460 ] ══ Skipped tests (3) ═══════════════════════════════════════════════════════════ • On CRAN (2): 'test-text_helpers.R:30:3', 'test-utils.R:215:3' • utils.R has been moved (1): 'test-utils.R:275:3' ══ Failed tests ════════════════════════════════════════════════════════════════ ── Failure ('test-coord_curvedpolar.R:76:3'): wrapping first and last labels works as expected ── make_label(axis_labels$textpath$label[[9]]$glyph) (`actual`) not identical to expression(paste(1, "/", 10)) (`expected`). `actual[[1]]`: `paste(1L, "/", 10L)` `expected[[1]]`: `paste(1, "/", 10)` [ FAIL 1 | WARN 7 | SKIP 3 | PASS 460 ] Error: Test failures Execution halted Flavor: r-devel-linux-x86_64-fedora-gcc

Version: 0.1.1
Check: tests
Result: ERROR Running ‘testthat.R’ [17s/18s] Running the tests in ‘tests/testthat.R’ failed. Complete output: > library(testthat) > library(geomtextpath) Loading required package: ggplot2 > > test_check("geomtextpath") [ FAIL 1 | WARN 7 | SKIP 3 | PASS 460 ] ══ Skipped tests (3) ═══════════════════════════════════════════════════════════ • On CRAN (2): 'test-text_helpers.R:30:3', 'test-utils.R:215:3' • utils.R has been moved (1): 'test-utils.R:275:3' ══ Failed tests ════════════════════════════════════════════════════════════════ ── Failure ('test-coord_curvedpolar.R:76:3'): wrapping first and last labels works as expected ── make_label(axis_labels$textpath$label[[9]]$glyph) (`actual`) not identical to expression(paste(1, "/", 10)) (`expected`). `actual[[1]]`: `paste(1L, "/", 10L)` `expected[[1]]`: `paste(1, "/", 10)` [ FAIL 1 | WARN 7 | SKIP 3 | PASS 460 ] Error: Test failures Execution halted Flavor: r-patched-linux-x86_64

Version: 0.1.1
Check: tests
Result: ERROR Running ‘testthat.R’ [16s/18s] Running the tests in ‘tests/testthat.R’ failed. Complete output: > library(testthat) > library(geomtextpath) Loading required package: ggplot2 > > test_check("geomtextpath") [ FAIL 1 | WARN 7 | SKIP 3 | PASS 460 ] ══ Skipped tests (3) ═══════════════════════════════════════════════════════════ • On CRAN (2): 'test-text_helpers.R:30:3', 'test-utils.R:215:3' • utils.R has been moved (1): 'test-utils.R:275:3' ══ Failed tests ════════════════════════════════════════════════════════════════ ── Failure ('test-coord_curvedpolar.R:76:3'): wrapping first and last labels works as expected ── make_label(axis_labels$textpath$label[[9]]$glyph) (`actual`) not identical to expression(paste(1, "/", 10)) (`expected`). `actual[[1]]`: `paste(1L, "/", 10L)` `expected[[1]]`: `paste(1, "/", 10)` [ FAIL 1 | WARN 7 | SKIP 3 | PASS 460 ] Error: Test failures Execution halted Flavor: r-release-linux-x86_64

Version: 0.1.1
Check: tests
Result: ERROR Running 'testthat.R' [14s] Running the tests in 'tests/testthat.R' failed. Complete output: > library(testthat) > library(geomtextpath) Loading required package: ggplot2 > > test_check("geomtextpath") [ FAIL 1 | WARN 7 | SKIP 3 | PASS 460 ] ══ Skipped tests (3) ═══════════════════════════════════════════════════════════ • On CRAN (2): 'test-text_helpers.R:30:3', 'test-utils.R:215:3' • utils.R has been moved (1): 'test-utils.R:275:3' ══ Failed tests ════════════════════════════════════════════════════════════════ ── Failure ('test-coord_curvedpolar.R:76:3'): wrapping first and last labels works as expected ── make_label(axis_labels$textpath$label[[9]]$glyph) (`actual`) not identical to expression(paste(1, "/", 10)) (`expected`). `actual[[1]]`: `paste(1L, "/", 10L)` `expected[[1]]`: `paste(1, "/", 10)` [ FAIL 1 | WARN 7 | SKIP 3 | PASS 460 ] Error: Test failures Execution halted Flavors: r-release-windows-x86_64, r-oldrel-windows-x86_64