CRAN Package Check Results for Package geometa

Last updated on 2022-11-27 19:51:31 CET.

Flavor Version Tinstall Tcheck Ttotal Status Flags
r-devel-linux-x86_64-debian-clang 0.7-1 243.30 454.15 697.45 OK
r-devel-linux-x86_64-debian-gcc 0.7-1 199.06 335.23 534.29 OK
r-devel-linux-x86_64-fedora-clang 0.7-1 930.91 NOTE
r-devel-linux-x86_64-fedora-gcc 0.7-1 907.76 OK
r-devel-windows-x86_64 0.7-1 599.00 667.00 1266.00 NOTE
r-patched-linux-x86_64 0.7-1 275.60 381.58 657.18 OK
r-release-linux-x86_64 0.7-1 244.96 382.64 627.60 OK
r-release-macos-arm64 0.7-1 218.00 NOTE
r-release-macos-x86_64 0.7-1 333.00 NOTE
r-release-windows-x86_64 0.7-1 657.00 570.00 1227.00 NOTE
r-oldrel-macos-arm64 0.7-1 231.00 NOTE
r-oldrel-macos-x86_64 0.7-1 331.00 NOTE
r-oldrel-windows-ix86+x86_64 0.7-1 417.00 527.00 944.00 NOTE

Check Details

Version: 0.7-1
Check: installed package size
Result: NOTE
     installed size is 14.7Mb
     sub-directories of 1Mb or more:
     R 9.6Mb
     extdata 2.6Mb
     help 2.4Mb
Flavors: r-devel-linux-x86_64-fedora-clang, r-devel-windows-x86_64, r-release-macos-arm64, r-release-macos-x86_64, r-release-windows-x86_64, r-oldrel-macos-arm64, r-oldrel-macos-x86_64, r-oldrel-windows-ix86+x86_64