CRAN Package Check Results for Package geodimension

Last updated on 2022-10-07 21:51:06 CEST.

Flavor Version Tinstall Tcheck Ttotal Status Flags
r-devel-linux-x86_64-debian-clang 1.0.0 6.93 257.92 264.85 OK
r-devel-linux-x86_64-debian-gcc 1.0.0 5.84 191.71 197.55 OK
r-devel-linux-x86_64-fedora-clang 1.0.0 322.32 NOTE
r-devel-linux-x86_64-fedora-gcc 1.0.0 318.15 NOTE
r-devel-windows-x86_64 1.0.0 51.00 356.00 407.00 OK
r-patched-linux-x86_64 1.0.0 7.38 241.25 248.63 OK
r-release-linux-x86_64 1.0.0 6.34 248.23 254.57 OK
r-release-macos-arm64 1.0.0 79.00 NOTE
r-release-macos-x86_64 1.0.0 182.00 NOTE
r-release-windows-x86_64 1.0.0 57.00 355.00 412.00 OK
r-oldrel-macos-arm64 1.0.0 78.00 NOTE
r-oldrel-macos-x86_64 1.0.0 92.00 NOTE
r-oldrel-windows-ix86+x86_64 1.0.0 18.00 351.00 369.00 OK

Check Details

Version: 1.0.0
Check: dependencies in R code
Result: NOTE
    Namespaces in Imports field not imported from:
     ‘pander’ ‘readr’ ‘tidyr’
     All declared Imports should be used.
Flavors: r-devel-linux-x86_64-fedora-clang, r-devel-linux-x86_64-fedora-gcc, r-release-macos-arm64, r-release-macos-x86_64, r-oldrel-macos-arm64, r-oldrel-macos-x86_64

Version: 1.0.0
Check: data for non-ASCII characters
Result: NOTE
     Note: found 80 marked UTF-8 strings
Flavors: r-devel-linux-x86_64-fedora-clang, r-devel-linux-x86_64-fedora-gcc, r-release-macos-arm64, r-release-macos-x86_64, r-oldrel-macos-arm64, r-oldrel-macos-x86_64