Last updated on 2024-04-23 20:52:04 CEST.
Flavor | Version | Tinstall | Tcheck | Ttotal | Status | Flags |
---|---|---|---|---|---|---|
r-devel-linux-x86_64-debian-clang | 0.1.0 | 2.27 | 188.44 | 190.71 | NOTE | |
r-devel-linux-x86_64-debian-gcc | 0.1.0 | 1.99 | 125.44 | 127.43 | NOTE | |
r-devel-linux-x86_64-fedora-clang | 0.1.0 | 220.69 | NOTE | |||
r-devel-linux-x86_64-fedora-gcc | 0.1.0 | 229.33 | NOTE | |||
r-prerel-macos-arm64 | 0.1.0 | 54.00 | NOTE | |||
r-prerel-windows-x86_64 | 0.1.0 | 4.00 | 124.00 | 128.00 | NOTE | |
r-patched-linux-x86_64 | 0.1.0 | 2.43 | 175.96 | 178.39 | NOTE | |
r-release-linux-x86_64 | 0.1.0 | 2.33 | 171.78 | 174.11 | NOTE | |
r-release-macos-arm64 | 0.1.0 | 62.00 | NOTE | |||
r-release-macos-x86_64 | 0.1.0 | 115.00 | NOTE | |||
r-release-windows-x86_64 | 0.1.0 | 3.00 | 172.00 | 175.00 | NOTE | |
r-oldrel-macos-arm64 | 0.1.0 | 51.00 | NOTE | |||
r-oldrel-windows-x86_64 | 0.1.0 | 4.00 | 177.00 | 181.00 | NOTE |
Version: 0.1.0
Check: LazyData
Result: NOTE
'LazyData' is specified without a 'data' directory
Flavors: r-devel-linux-x86_64-debian-clang, r-devel-linux-x86_64-debian-gcc, r-devel-linux-x86_64-fedora-clang, r-devel-linux-x86_64-fedora-gcc, r-prerel-macos-arm64, r-prerel-windows-x86_64, r-patched-linux-x86_64, r-release-linux-x86_64, r-release-macos-arm64, r-release-macos-x86_64, r-release-windows-x86_64, r-oldrel-macos-arm64, r-oldrel-windows-x86_64