CRAN Package Check Results for Package geneticae

Last updated on 2024-06-12 20:58:57 CEST.

Flavor Version Tinstall Tcheck Ttotal Status Flags
r-devel-linux-x86_64-debian-clang 0.4.0 22.51 189.90 212.41 OK
r-devel-linux-x86_64-debian-gcc 0.4.0 0.41 1.75 2.16 ERROR
r-devel-linux-x86_64-fedora-clang 0.4.0 266.89 NOTE
r-devel-linux-x86_64-fedora-gcc 0.4.0 258.16 NOTE
r-devel-windows-x86_64 0.4.0 19.00 141.00 160.00 OK
r-patched-linux-x86_64 0.4.0 17.41 185.87 203.28 OK
r-release-linux-x86_64 0.4.0 17.10 180.76 197.86 OK
r-release-macos-arm64 0.4.0 72.00 OK
r-release-macos-x86_64 0.4.0 112.00 OK
r-release-windows-x86_64 0.4.0 18.00 140.00 158.00 OK
r-oldrel-macos-arm64 0.4.0 78.00 OK
r-oldrel-macos-x86_64 0.4.0 129.00 OK
r-oldrel-windows-x86_64 0.4.0 23.00 179.00 202.00 OK

Check Details

Version: 0.4.0
Check: package dependencies
Result: ERROR Packages required but not available: 'GGEBiplots', 'ggforce', 'ggplot2', 'dplyr', 'missMDA', 'reshape2', 'tidyr' Package suggested but not available for checking: ‘testthat’ See section ‘The DESCRIPTION file’ in the ‘Writing R Extensions’ manual. Flavor: r-devel-linux-x86_64-debian-gcc

Version: 0.4.0
Check: dependencies in R code
Result: NOTE Namespaces in Imports field not imported from: ‘GGEBiplots’ ‘calibrate’ ‘graphics’ ‘matrixStats’ ‘prettydoc’ ‘reshape2’ All declared Imports should be used. Flavors: r-devel-linux-x86_64-fedora-clang, r-devel-linux-x86_64-fedora-gcc