Last updated on 2024-04-18 21:56:52 CEST.
Flavor | Version | Tinstall | Tcheck | Ttotal | Status | Flags |
---|---|---|---|---|---|---|
r-devel-linux-x86_64-debian-clang | 1.2.5 | 38.40 | 355.84 | 394.24 | OK | |
r-devel-linux-x86_64-debian-gcc | 1.2.5 | 32.01 | 260.40 | 292.41 | OK | |
r-devel-linux-x86_64-fedora-clang | 1.2.5 | 501.01 | NOTE | |||
r-devel-linux-x86_64-fedora-gcc | 1.2.5 | 494.19 | NOTE | |||
r-prerel-macos-arm64 | 1.2.5 | 118.00 | OK | |||
r-prerel-macos-x86_64 | 1.2.5 | 249.00 | OK | |||
r-prerel-windows-x86_64 | 1.2.5 | 37.00 | 258.00 | 295.00 | OK | |
r-patched-linux-x86_64 | 1.2.5 | 33.95 | 346.73 | 380.68 | OK | |
r-release-linux-x86_64 | 1.2.5 | 33.63 | 357.10 | 390.73 | OK | |
r-release-macos-arm64 | 1.2.5 | 187.00 | NOTE | |||
r-release-macos-x86_64 | 1.2.5 | 370.00 | NOTE | |||
r-release-windows-x86_64 | 1.2.5 | 50.00 | 338.00 | 388.00 | OK | |
r-oldrel-macos-arm64 | 1.2.5 | 164.00 | NOTE | |||
r-oldrel-windows-x86_64 | 1.2.5 | 51.00 | 311.00 | 362.00 | OK |
Version: 1.2.5
Check: package dependencies
Result: NOTE
Package suggested but not available for checking: ‘rrvgo’
Flavors: r-devel-linux-x86_64-fedora-clang, r-devel-linux-x86_64-fedora-gcc, r-release-macos-arm64, r-release-macos-x86_64, r-oldrel-macos-arm64