Last updated on 2025-11-02 23:49:38 CET.
| Flavor | Version | Tinstall | Tcheck | Ttotal | Status | Flags |
|---|---|---|---|---|---|---|
| r-devel-linux-x86_64-debian-clang | 1.2 | 2.08 | 50.89 | 52.97 | OK | |
| r-devel-linux-x86_64-debian-gcc | 1.2 | 1.59 | 37.56 | 39.15 | OK | |
| r-devel-linux-x86_64-fedora-clang | 1.2 | 83.19 | NOTE | |||
| r-devel-linux-x86_64-fedora-gcc | 1.2 | 13.00 | 82.86 | 95.86 | NOTE | |
| r-devel-windows-x86_64 | 1.2 | 3.00 | 149.00 | 152.00 | OK | |
| r-patched-linux-x86_64 | 1.2 | 0.31 | 1.90 | 2.21 | ERROR | |
| r-release-linux-x86_64 | 1.2 | 2.04 | 45.56 | 47.60 | OK | |
| r-release-macos-arm64 | 1.2 | 1.00 | 58.00 | 59.00 | OK | |
| r-release-macos-x86_64 | 1.2 | 2.00 | 74.00 | 76.00 | OK | |
| r-release-windows-x86_64 | 1.2 | 4.00 | 140.00 | 144.00 | OK | |
| r-oldrel-macos-arm64 | 1.2 | 1.00 | 44.00 | 45.00 | OK | |
| r-oldrel-macos-x86_64 | 1.2 | 2.00 | 100.00 | 102.00 | OK | |
| r-oldrel-windows-x86_64 | 1.2 | 4.00 | 159.00 | 163.00 | OK |
Version: 1.2
Check: dependencies in R code
Result: NOTE
Namespace in Imports field not imported from: ‘qpdf’
All declared Imports should be used.
Flavors: r-devel-linux-x86_64-fedora-clang, r-devel-linux-x86_64-fedora-gcc
Version: 1.2
Check: package dependencies
Result: ERROR
Package required but not available: ‘GEOquery’
See section ‘The DESCRIPTION file’ in the ‘Writing R Extensions’
manual.
Flavor: r-patched-linux-x86_64