Last updated on 2023-11-28 20:48:25 CET.
Flavor | Version | Tinstall | Tcheck | Ttotal | Status | Flags |
---|---|---|---|---|---|---|
r-devel-linux-x86_64-debian-clang | 1.1.2 | 3.62 | 33.00 | 36.62 | OK | |
r-devel-linux-x86_64-debian-gcc | 1.1.2 | 2.93 | 25.31 | 28.24 | OK | |
r-devel-linux-x86_64-fedora-clang | 1.1.2 | 47.47 | NOTE | |||
r-devel-linux-x86_64-fedora-gcc | 1.1.2 | 42.71 | NOTE | |||
r-devel-windows-x86_64 | 1.1.2 | 5.00 | 48.00 | 53.00 | OK | |
r-patched-linux-x86_64 | 1.1.2 | 3.06 | 31.59 | 34.65 | OK | |
r-release-linux-x86_64 | 1.1.2 | 3.03 | 31.78 | 34.81 | OK | |
r-release-macos-arm64 | 1.1.2 | 20.00 | OK | |||
r-release-macos-x86_64 | 1.1.2 | 26.00 | OK | |||
r-release-windows-x86_64 | 1.1.2 | 6.00 | 50.00 | 56.00 | OK | |
r-oldrel-macos-arm64 | 1.1.2 | 19.00 | NOTE | |||
r-oldrel-macos-x86_64 | 1.1.2 | 33.00 | NOTE | |||
r-oldrel-windows-x86_64 | 1.1.2 | 5.00 | 53.00 | 58.00 | OK |
Version: 1.1.2
Check: dependencies in R code
Result: NOTE
Namespace in Imports field not imported from: ‘purrr’
All declared Imports should be used.
Flavors: r-devel-linux-x86_64-fedora-clang, r-devel-linux-x86_64-fedora-gcc, r-oldrel-macos-arm64, r-oldrel-macos-x86_64