CRAN Package Check Results for Package genderBR

Last updated on 2025-05-08 20:49:36 CEST.

Flavor Version Tinstall Tcheck Ttotal Status Flags
r-devel-linux-x86_64-debian-clang 1.1.2 3.18 28.24 31.42 OK
r-devel-linux-x86_64-debian-gcc 1.1.2 2.33 22.57 24.90 OK
r-devel-linux-x86_64-fedora-clang 1.1.2 46.06 NOTE
r-devel-linux-x86_64-fedora-gcc 1.1.2 44.00 NOTE
r-devel-windows-x86_64 1.1.2 5.00 47.00 52.00 OK
r-patched-linux-x86_64 1.1.2 2.76 26.24 29.00 OK
r-release-linux-x86_64 1.1.2 2.85 25.64 28.49 OK
r-release-macos-arm64 1.1.2 23.00 OK
r-release-macos-x86_64 1.1.2 38.00 OK
r-release-windows-x86_64 1.1.2 5.00 49.00 54.00 OK
r-oldrel-macos-arm64 1.1.2 16.00 OK
r-oldrel-macos-x86_64 1.1.2 37.00 OK
r-oldrel-windows-x86_64 1.1.2 5.00 54.00 59.00 OK

Check Details

Version: 1.1.2
Check: dependencies in R code
Result: NOTE Namespace in Imports field not imported from: ‘purrr’ All declared Imports should be used. Flavors: r-devel-linux-x86_64-fedora-clang, r-devel-linux-x86_64-fedora-gcc