Last updated on 2024-04-19 20:56:38 CEST.
Flavor | Version | Tinstall | Tcheck | Ttotal | Status | Flags |
---|---|---|---|---|---|---|
r-devel-linux-x86_64-debian-clang | 0.6.0 | 4.80 | 50.45 | 55.25 | NOTE | |
r-devel-linux-x86_64-debian-gcc | 0.6.0 | NOTE | ||||
r-devel-linux-x86_64-fedora-clang | 0.6.0 | 73.17 | NOTE | |||
r-devel-linux-x86_64-fedora-gcc | 0.6.0 | 80.53 | NOTE | |||
r-prerel-macos-arm64 | 0.6.0 | 32.00 | NOTE | |||
r-prerel-windows-x86_64 | 0.6.0 | 6.00 | 57.00 | 63.00 | NOTE | |
r-patched-linux-x86_64 | 0.6.0 | 4.05 | 49.45 | 53.50 | NOTE | |
r-release-linux-x86_64 | 0.6.0 | 3.68 | 48.86 | 52.54 | NOTE | |
r-release-macos-arm64 | 0.6.0 | 31.00 | NOTE | |||
r-release-macos-x86_64 | 0.6.0 | 44.00 | NOTE | |||
r-release-windows-x86_64 | 0.6.0 | 7.00 | 63.00 | 70.00 | NOTE | |
r-oldrel-macos-arm64 | 0.6.0 | 25.00 | NOTE | |||
r-oldrel-windows-x86_64 | 0.6.0 | 7.00 | 68.00 | 75.00 | NOTE |
Version: 0.6.0
Check: package dependencies
Result: NOTE
Package suggested but not available for checking: ‘genderdata’
Flavors: r-devel-linux-x86_64-debian-clang, r-devel-linux-x86_64-debian-gcc, r-devel-linux-x86_64-fedora-clang, r-devel-linux-x86_64-fedora-gcc, r-prerel-macos-arm64, r-prerel-windows-x86_64, r-patched-linux-x86_64, r-release-linux-x86_64, r-release-macos-arm64, r-release-macos-x86_64, r-release-windows-x86_64, r-oldrel-macos-arm64, r-oldrel-windows-x86_64