Last updated on 2024-04-24 20:54:07 CEST.
Flavor | Version | Tinstall | Tcheck | Ttotal | Status | Flags |
---|---|---|---|---|---|---|
r-devel-linux-x86_64-debian-clang | 1.0 | 2.15 | 25.77 | 27.92 | NOTE | |
r-devel-linux-x86_64-debian-gcc | 1.0 | 1.72 | 19.69 | 21.41 | NOTE | |
r-devel-linux-x86_64-fedora-clang | 1.0 | 35.15 | NOTE | |||
r-devel-linux-x86_64-fedora-gcc | 1.0 | 33.44 | NOTE | |||
r-devel-windows-x86_64 | 1.0 | 3.00 | 47.00 | 50.00 | NOTE | |
r-patched-linux-x86_64 | 1.0 | 2.39 | 25.20 | 27.59 | NOTE | |
r-release-linux-x86_64 | 1.0 | 1.91 | 24.19 | 26.10 | NOTE | |
r-release-macos-arm64 | 1.0 | 18.00 | NOTE | |||
r-release-windows-x86_64 | 1.0 | 3.00 | 47.00 | 50.00 | NOTE | |
r-oldrel-macos-arm64 | 1.0 | 18.00 | NOTE | |||
r-oldrel-macos-x86_64 | 1.0 | 23.00 | NOTE | |||
r-oldrel-windows-x86_64 | 1.0 | 3.00 | 43.00 | 46.00 | NOTE |
Version: 1.0
Check: LazyData
Result: NOTE
'LazyData' is specified without a 'data' directory
Flavors: r-devel-linux-x86_64-debian-clang, r-devel-linux-x86_64-debian-gcc, r-devel-linux-x86_64-fedora-clang, r-devel-linux-x86_64-fedora-gcc, r-devel-windows-x86_64, r-patched-linux-x86_64, r-release-linux-x86_64, r-release-macos-arm64, r-release-windows-x86_64, r-oldrel-macos-arm64, r-oldrel-macos-x86_64, r-oldrel-windows-x86_64