Last updated on 2024-07-17 20:57:00 CEST.
Flavor | Version | Tinstall | Tcheck | Ttotal | Status | Flags |
---|---|---|---|---|---|---|
r-devel-linux-x86_64-debian-clang | 1.0-2 | 12.62 | 160.68 | 173.30 | NOTE | |
r-devel-linux-x86_64-debian-gcc | 1.0-2 | 8.06 | 115.43 | 123.49 | NOTE | |
r-devel-linux-x86_64-fedora-clang | 1.0-2 | 227.71 | NOTE | |||
r-devel-linux-x86_64-fedora-gcc | 1.0-2 | 197.14 | NOTE | |||
r-devel-windows-x86_64 | 1.0-2 | 14.00 | 129.00 | 143.00 | NOTE | |
r-patched-linux-x86_64 | 1.0-2 | 11.51 | 153.39 | 164.90 | NOTE | |
r-release-linux-x86_64 | 1.0-2 | 7.72 | 156.55 | 164.27 | NOTE | |
r-release-macos-arm64 | 1.0-2 | 57.00 | NOTE | |||
r-release-macos-x86_64 | 1.0-2 | 86.00 | NOTE | |||
r-release-windows-x86_64 | 1.0-2 | 14.00 | 129.00 | 143.00 | NOTE | |
r-oldrel-macos-arm64 | 1.0-2 | 47.00 | OK | |||
r-oldrel-macos-x86_64 | 1.0-2 | 152.00 | OK | |||
r-oldrel-windows-x86_64 | 1.0-2 | 16.00 | 163.00 | 179.00 | OK |
Version: 1.0-2
Check: Rd files
Result: NOTE
checkRd: (-1) parkinson.Rd:9: Lost braces in \itemize; meant \describe ?
checkRd: (-1) parkinson.Rd:10: Lost braces in \itemize; meant \describe ?
checkRd: (-1) parkinson.Rd:11: Lost braces in \itemize; meant \describe ?
Flavors: r-devel-linux-x86_64-debian-clang, r-devel-linux-x86_64-debian-gcc, r-devel-linux-x86_64-fedora-clang, r-devel-linux-x86_64-fedora-gcc, r-devel-windows-x86_64, r-patched-linux-x86_64, r-release-linux-x86_64, r-release-macos-arm64, r-release-macos-x86_64, r-release-windows-x86_64