Last updated on 2025-02-06 19:49:23 CET.
Flavor | Version | Tinstall | Tcheck | Ttotal | Status | Flags |
---|---|---|---|---|---|---|
r-devel-linux-x86_64-debian-clang | 1.1.1 | 4.59 | 266.19 | 270.78 | NOTE | |
r-devel-linux-x86_64-debian-gcc | 1.1.1 | 3.36 | 151.02 | 154.38 | NOTE | |
r-devel-linux-x86_64-fedora-clang | 1.1.1 | 457.20 | NOTE | |||
r-devel-linux-x86_64-fedora-gcc | 1.1.1 | 425.53 | NOTE | |||
r-devel-windows-x86_64 | 1.1.1 | 7.00 | 241.00 | 248.00 | NOTE | |
r-patched-linux-x86_64 | 1.1.1 | 5.26 | 247.21 | 252.47 | NOTE | |
r-release-linux-x86_64 | 1.1.1 | 4.35 | 248.67 | 253.02 | NOTE | |
r-release-macos-arm64 | 1.1.1 | 106.00 | NOTE | |||
r-release-macos-x86_64 | 1.1.1 | 176.00 | NOTE | |||
r-release-windows-x86_64 | 1.1.1 | 6.00 | 244.00 | 250.00 | NOTE | |
r-oldrel-macos-arm64 | 1.1.1 | 116.00 | OK | |||
r-oldrel-macos-x86_64 | 1.1.1 | 201.00 | OK | |||
r-oldrel-windows-x86_64 | 1.1.1 | 8.00 | 323.00 | 331.00 | OK |
Version: 1.1.1
Check: Rd files
Result: NOTE
checkRd: (-1) geexex.Rd:10: Lost braces in \itemize; meant \describe ?
checkRd: (-1) geexex.Rd:11: Lost braces in \itemize; meant \describe ?
checkRd: (-1) geexex.Rd:12: Lost braces in \itemize; meant \describe ?
checkRd: (-1) geexex.Rd:13: Lost braces in \itemize; meant \describe ?
checkRd: (-1) geexex.Rd:14: Lost braces in \itemize; meant \describe ?
checkRd: (-1) geexex.Rd:15: Lost braces in \itemize; meant \describe ?
checkRd: (-1) geexex.Rd:16: Lost braces in \itemize; meant \describe ?
checkRd: (-1) geexex.Rd:17: Lost braces in \itemize; meant \describe ?
checkRd: (-1) geexex.Rd:18: Lost braces in \itemize; meant \describe ?
Flavors: r-devel-linux-x86_64-debian-clang, r-devel-linux-x86_64-debian-gcc, r-devel-linux-x86_64-fedora-clang, r-devel-linux-x86_64-fedora-gcc, r-devel-windows-x86_64, r-patched-linux-x86_64, r-release-linux-x86_64, r-release-macos-arm64, r-release-macos-x86_64, r-release-windows-x86_64
Version: 1.1.1
Check: dependencies in R code
Result: NOTE
Namespace in Imports field not imported from: ‘rootSolve’
All declared Imports should be used.
Flavors: r-devel-linux-x86_64-fedora-clang, r-devel-linux-x86_64-fedora-gcc