Last updated on 2024-08-15 20:48:16 CEST.
Flavor | Version | Tinstall | Tcheck | Ttotal | Status | Flags |
---|---|---|---|---|---|---|
r-devel-linux-x86_64-debian-clang | 1.1.1 | 3.74 | 262.81 | 266.55 | NOTE | |
r-devel-linux-x86_64-debian-gcc | 1.1.1 | 3.21 | 148.45 | 151.66 | NOTE | |
r-devel-linux-x86_64-fedora-clang | 1.1.1 | 429.69 | NOTE | |||
r-devel-linux-x86_64-fedora-gcc | 1.1.1 | 424.55 | NOTE | |||
r-devel-windows-x86_64 | 1.1.1 | 6.00 | 242.00 | 248.00 | NOTE | |
r-patched-linux-x86_64 | 1.1.1 | 5.49 | 245.57 | 251.06 | NOTE | |
r-release-linux-x86_64 | 1.1.1 | 3.49 | 246.75 | 250.24 | NOTE | |
r-release-macos-arm64 | 1.1.1 | 106.00 | NOTE | |||
r-release-macos-x86_64 | 1.1.1 | 176.00 | NOTE | |||
r-release-windows-x86_64 | 1.1.1 | 6.00 | 252.00 | 258.00 | NOTE | |
r-oldrel-macos-arm64 | 1.1.1 | 116.00 | OK | |||
r-oldrel-macos-x86_64 | 1.1.1 | 201.00 | OK | |||
r-oldrel-windows-x86_64 | 1.1.1 | 7.00 | 319.00 | 326.00 | OK |
Version: 1.1.1
Check: Rd files
Result: NOTE
checkRd: (-1) geexex.Rd:10: Lost braces in \itemize; meant \describe ?
checkRd: (-1) geexex.Rd:11: Lost braces in \itemize; meant \describe ?
checkRd: (-1) geexex.Rd:12: Lost braces in \itemize; meant \describe ?
checkRd: (-1) geexex.Rd:13: Lost braces in \itemize; meant \describe ?
checkRd: (-1) geexex.Rd:14: Lost braces in \itemize; meant \describe ?
checkRd: (-1) geexex.Rd:15: Lost braces in \itemize; meant \describe ?
checkRd: (-1) geexex.Rd:16: Lost braces in \itemize; meant \describe ?
checkRd: (-1) geexex.Rd:17: Lost braces in \itemize; meant \describe ?
checkRd: (-1) geexex.Rd:18: Lost braces in \itemize; meant \describe ?
Flavors: r-devel-linux-x86_64-debian-clang, r-devel-linux-x86_64-debian-gcc, r-devel-linux-x86_64-fedora-clang, r-devel-linux-x86_64-fedora-gcc, r-devel-windows-x86_64, r-patched-linux-x86_64, r-release-linux-x86_64, r-release-macos-arm64, r-release-macos-x86_64, r-release-windows-x86_64
Version: 1.1.1
Check: dependencies in R code
Result: NOTE
Namespace in Imports field not imported from: ‘rootSolve’
All declared Imports should be used.
Flavors: r-devel-linux-x86_64-fedora-clang, r-devel-linux-x86_64-fedora-gcc