Last updated on 2024-04-18 21:56:52 CEST.
Flavor | Version | Tinstall | Tcheck | Ttotal | Status | Flags |
---|---|---|---|---|---|---|
r-devel-linux-x86_64-debian-clang | 1.2.5 | 5.31 | 44.55 | 49.86 | NOTE | |
r-devel-linux-x86_64-debian-gcc | 1.2.5 | 4.02 | 34.61 | 38.63 | NOTE | |
r-devel-linux-x86_64-fedora-clang | 1.2.5 | 61.21 | NOTE | |||
r-devel-linux-x86_64-fedora-gcc | 1.2.5 | 59.78 | NOTE | |||
r-prerel-macos-arm64 | 1.2.5 | 21.00 | NOTE | |||
r-prerel-windows-x86_64 | 1.2.5 | 5.00 | 55.00 | 60.00 | NOTE | |
r-patched-linux-x86_64 | 1.2.5 | 4.49 | 42.74 | 47.23 | NOTE | |
r-release-linux-x86_64 | 1.2.5 | 3.40 | 44.13 | 47.53 | OK | |
r-release-macos-arm64 | 1.2.5 | 27.00 | OK | |||
r-release-macos-x86_64 | 1.2.5 | 54.00 | OK | |||
r-release-windows-x86_64 | 1.2.5 | 7.00 | 58.00 | 65.00 | OK | |
r-oldrel-macos-arm64 | 1.2.5 | 29.00 | OK | |||
r-oldrel-windows-x86_64 | 1.2.5 | 7.00 | 63.00 | 70.00 | OK |
Version: 1.2.5
Check: Rd files
Result: NOTE
checkRd: (-1) nearblack.Rd:30: Lost braces
30 | code{infile=}, indicating that the input file should be
| ^
Flavors: r-devel-linux-x86_64-debian-clang, r-devel-linux-x86_64-debian-gcc, r-devel-linux-x86_64-fedora-clang, r-devel-linux-x86_64-fedora-gcc, r-prerel-macos-arm64, r-prerel-windows-x86_64, r-patched-linux-x86_64