Last updated on 2025-11-03 21:50:22 CET.
| Flavor | Version | Tinstall | Tcheck | Ttotal | Status | Flags | 
|---|---|---|---|---|---|---|
| r-devel-linux-x86_64-debian-clang | 0.0.1 | 3.13 | 22.39 | 25.52 | NOTE | |
| r-devel-linux-x86_64-debian-gcc | 0.0.1 | 2.32 | 18.67 | 20.99 | NOTE | |
| r-devel-linux-x86_64-fedora-clang | 0.0.1 | 14.00 | 24.66 | 38.66 | NOTE | |
| r-devel-linux-x86_64-fedora-gcc | 0.0.1 | 34.64 | NOTE | |||
| r-devel-windows-x86_64 | 0.0.1 | 8.00 | 42.00 | 50.00 | NOTE | |
| r-patched-linux-x86_64 | 0.0.1 | 3.12 | 19.94 | 23.06 | NOTE | |
| r-release-linux-x86_64 | 0.0.1 | 2.95 | 20.20 | 23.15 | NOTE | |
| r-release-macos-arm64 | 0.0.1 | 3.00 | 16.00 | 19.00 | NOTE | |
| r-release-macos-x86_64 | 0.0.1 | 4.00 | 24.00 | 28.00 | NOTE | |
| r-release-windows-x86_64 | 0.0.1 | 6.00 | 42.00 | 48.00 | NOTE | |
| r-oldrel-macos-arm64 | 0.0.1 | 2.00 | 14.00 | 16.00 | NOTE | |
| r-oldrel-macos-x86_64 | 0.0.1 | 4.00 | 19.00 | 23.00 | NOTE | |
| r-oldrel-windows-x86_64 | 0.0.1 | 7.00 | 49.00 | 56.00 | NOTE | 
Version: 0.0.1
Check: CRAN incoming feasibility
Result: NOTE
  Maintainer: ‘Gherardo Varando <gherardo.varando@gmail.com>’
  
  The Description field contains
    minimization problem.  Varando G, Hansen NR (2020) <arXiv:2005.10483>.
  Please refer to arXiv e-prints via their arXiv DOI <doi:10.48550/arXiv.YYMM.NNNNN>.
Flavors: r-devel-linux-x86_64-debian-clang, r-devel-linux-x86_64-debian-gcc
Version: 0.0.1
Check: Rd files
Result: NOTE
  checkRd: (-1) listInverseBlocks.Rd:5: Lost braces; missing escapes or markup?
       5 | \title{List all the inverse matrices of the leading sub-matrix of P=Sigma^{-1}
         |                                                                           ^
  checkRd: (-1) listInverseBlocks.Rd:17: Lost braces; missing escapes or markup?
      17 | List all the inverse matrices of the leading sub-matrix of P=Sigma^{-1}
         |                                                                    ^
Flavors: r-devel-linux-x86_64-debian-clang, r-devel-linux-x86_64-debian-gcc, r-devel-linux-x86_64-fedora-clang, r-devel-linux-x86_64-fedora-gcc, r-devel-windows-x86_64, r-patched-linux-x86_64, r-release-linux-x86_64, r-release-macos-arm64, r-release-macos-x86_64, r-release-windows-x86_64, r-oldrel-macos-arm64, r-oldrel-macos-x86_64, r-oldrel-windows-x86_64
Version: 0.0.1
Check: LazyData
Result: NOTE
    'LazyData' is specified without a 'data' directory
Flavors: r-oldrel-macos-arm64, r-oldrel-macos-x86_64, r-oldrel-windows-x86_64