CRAN Package Check Results for Package gcKrig

Last updated on 2022-10-04 21:53:40 CEST.

Flavor Version Tinstall Tcheck Ttotal Status Flags
r-devel-linux-x86_64-debian-clang 1.1.8 52.46 53.47 105.93 OK
r-devel-linux-x86_64-debian-gcc 1.1.8 42.37 39.63 82.00 OK
r-devel-linux-x86_64-fedora-clang 1.1.8 155.40 NOTE
r-devel-linux-x86_64-fedora-gcc 1.1.8 151.26 OK
r-devel-windows-x86_64 1.1.8 54.00 103.00 157.00 OK
r-patched-linux-x86_64 1.1.8 43.29 49.35 92.64 OK
r-release-linux-x86_64 1.1.8 43.61 49.59 93.20 OK
r-release-macos-arm64 1.1.8 38.00 OK
r-release-macos-x86_64 1.1.8 50.00 OK
r-release-windows-x86_64 1.1.8 59.00 99.00 158.00 OK
r-oldrel-macos-arm64 1.1.8 40.00 OK
r-oldrel-macos-x86_64 1.1.8 49.00 OK
r-oldrel-windows-ix86+x86_64 1.1.8 127.00 99.00 226.00 OK

Check Details

Version: 1.1.8
Check: Rd cross-references
Result: NOTE
    Undeclared package ‘gcmr’ in Rd xrefs
Flavor: r-devel-linux-x86_64-fedora-clang