Last updated on 2024-07-17 20:57:00 CEST.
Flavor | Version | Tinstall | Tcheck | Ttotal | Status | Flags |
---|---|---|---|---|---|---|
r-devel-linux-x86_64-debian-clang | 2023.08.31 | 56.27 | 425.20 | 481.47 | NOTE | |
r-devel-linux-x86_64-debian-gcc | 2023.08.31 | 43.26 | 294.57 | 337.83 | NOTE | |
r-devel-linux-x86_64-fedora-clang | 2023.08.31 | 570.26 | NOTE | |||
r-devel-linux-x86_64-fedora-gcc | 2023.08.31 | 526.78 | NOTE | |||
r-devel-windows-x86_64 | 2023.08.31 | 40.00 | 247.00 | 287.00 | NOTE | |
r-patched-linux-x86_64 | 2023.08.31 | 52.31 | 388.02 | 440.33 | NOTE | |
r-release-linux-x86_64 | 2023.08.31 | 33.38 | 394.59 | 427.97 | NOTE | |
r-release-macos-arm64 | 2023.08.31 | 127.00 | NOTE | |||
r-release-macos-x86_64 | 2023.08.31 | 257.00 | NOTE | |||
r-release-windows-x86_64 | 2023.08.31 | 40.00 | 248.00 | 288.00 | NOTE | |
r-oldrel-macos-arm64 | 2023.08.31 | 133.00 | OK | |||
r-oldrel-macos-x86_64 | 2023.08.31 | 281.00 | OK | |||
r-oldrel-windows-x86_64 | 2023.08.31 | 56.00 | 324.00 | 380.00 | OK |
Version: 2023.08.31
Check: Rd files
Result: NOTE
checkRd: (-1) gbm.auto.Rd:208: Lost braces; missing escapes or markup?
208 | \item Error in if (n.trees > x$n.trees) { : argument is of length zero}. LR or BF probably too low
| ^
Flavors: r-devel-linux-x86_64-debian-clang, r-devel-linux-x86_64-debian-gcc, r-devel-linux-x86_64-fedora-clang, r-devel-linux-x86_64-fedora-gcc, r-devel-windows-x86_64, r-patched-linux-x86_64, r-release-linux-x86_64, r-release-macos-arm64, r-release-macos-x86_64, r-release-windows-x86_64
Version: 2023.08.31
Check: Rd cross-references
Result: NOTE
Found the following Rd file(s) with Rd \link{} targets missing package
anchors:
gbm.auto.Rd: n
Please provide package anchors for all Rd \link{} targets not in the
package itself and the base packages.
Flavor: r-devel-windows-x86_64