CRAN Package Check Results for Package gbeta

Last updated on 2022-10-03 21:53:38 CEST.

Flavor Version Tinstall Tcheck Ttotal Status Flags
r-devel-linux-x86_64-debian-clang 0.1.0 32.35 33.00 65.35 OK
r-devel-linux-x86_64-debian-gcc 0.1.0 28.40 26.89 55.29 OK
r-devel-linux-x86_64-fedora-clang 0.1.0 100.85 OK
r-devel-linux-x86_64-fedora-gcc 0.1.0 107.00 OK
r-devel-windows-x86_64 0.1.0 31.00 83.00 114.00 OK
r-patched-linux-x86_64 0.1.0 32.33 33.56 65.89 OK
r-release-linux-x86_64 0.1.0 33.94 32.69 66.63 OK
r-release-macos-arm64 0.1.0 29.00 NOTE
r-release-macos-x86_64 0.1.0 39.00 NOTE
r-release-windows-x86_64 0.1.0 32.00 80.00 112.00 OK
r-oldrel-macos-arm64 0.1.0 38.00 NOTE
r-oldrel-macos-x86_64 0.1.0 52.00 NOTE
r-oldrel-windows-ix86+x86_64 0.1.0 85.00 83.00 168.00 OK

Check Details

Version: 0.1.0
Check: installed package size
Result: NOTE
     installed size is 7.0Mb
     sub-directories of 1Mb or more:
     libs 6.9Mb
Flavors: r-release-macos-arm64, r-release-macos-x86_64, r-oldrel-macos-arm64, r-oldrel-macos-x86_64