Last updated on 2024-03-28 19:48:32 CET.
Flavor | Version | Tinstall | Tcheck | Ttotal | Status | Flags |
---|---|---|---|---|---|---|
r-devel-linux-x86_64-debian-clang | 0.1.0 | 36.25 | 34.44 | 70.69 | OK | |
r-devel-linux-x86_64-debian-gcc | 0.1.0 | 28.30 | 27.99 | 56.29 | OK | |
r-devel-linux-x86_64-fedora-clang | 0.1.0 | 98.44 | OK | |||
r-devel-linux-x86_64-fedora-gcc | 0.1.0 | 119.58 | OK | |||
r-devel-windows-x86_64 | 0.1.0 | 31.00 | 62.00 | 93.00 | OK | |
r-patched-linux-x86_64 | 0.1.0 | 45.51 | 35.45 | 80.96 | OK | |
r-release-linux-x86_64 | 0.1.0 | 40.23 | 34.00 | 74.23 | OK | |
r-release-macos-arm64 | 0.1.0 | 36.00 | NOTE | |||
r-release-macos-x86_64 | 0.1.0 | 54.00 | NOTE | |||
r-release-windows-x86_64 | 0.1.0 | 37.00 | 73.00 | 110.00 | OK | |
r-oldrel-macos-arm64 | 0.1.0 | 31.00 | NOTE | |||
r-oldrel-windows-x86_64 | 0.1.0 | 35.00 | 73.00 | 108.00 | OK |
Version: 0.1.0
Check: installed package size
Result: NOTE
installed size is 7.1Mb
sub-directories of 1Mb or more:
libs 7.0Mb
Flavors: r-release-macos-arm64, r-release-macos-x86_64, r-oldrel-macos-arm64