Last updated on 2024-07-26 20:49:59 CEST.
Flavor | Version | Tinstall | Tcheck | Ttotal | Status | Flags |
---|---|---|---|---|---|---|
r-devel-linux-x86_64-debian-clang | 0.0.2 | 1.66 | 19.51 | 21.17 | OK | |
r-devel-linux-x86_64-debian-gcc | 0.0.2 | 1.34 | 15.31 | 16.65 | OK | |
r-devel-linux-x86_64-fedora-clang | 0.0.2 | 28.16 | NOTE | |||
r-devel-linux-x86_64-fedora-gcc | 0.0.2 | 25.96 | OK | |||
r-devel-windows-x86_64 | 0.0.2 | 2.00 | 34.00 | 36.00 | OK | |
r-patched-linux-x86_64 | 0.0.2 | OK | ||||
r-release-linux-x86_64 | 0.0.2 | 1.86 | 18.93 | 20.79 | OK | |
r-release-macos-arm64 | 0.0.2 | 13.00 | OK | |||
r-release-macos-x86_64 | 0.0.2 | 19.00 | OK | |||
r-release-windows-x86_64 | 0.0.2 | 2.00 | 33.00 | 35.00 | OK | |
r-oldrel-macos-arm64 | 0.0.2 | 14.00 | OK | |||
r-oldrel-macos-x86_64 | 0.0.2 | 18.00 | OK | |||
r-oldrel-windows-x86_64 | 0.0.2 | 3.00 | 32.00 | 35.00 | OK |
Version: 0.0.2
Check: Rd cross-references
Result: NOTE
Undeclared packages ‘fortunes’, ‘rmsfact’ in Rd xrefs
Flavor: r-devel-linux-x86_64-fedora-clang