Last updated on 2025-05-09 20:49:50 CEST.
Flavor | Version | Tinstall | Tcheck | Ttotal | Status | Flags |
---|---|---|---|---|---|---|
r-devel-linux-x86_64-debian-clang | 1.1.2 | 2.92 | 23.04 | 25.96 | NOTE | |
r-devel-linux-x86_64-debian-gcc | 1.1.2 | 2.15 | 17.65 | 19.80 | NOTE | |
r-devel-linux-x86_64-fedora-clang | 1.1.2 | 41.93 | NOTE | |||
r-devel-linux-x86_64-fedora-gcc | 1.1.2 | 37.95 | NOTE | |||
r-devel-windows-x86_64 | 1.1.2 | 4.00 | 46.00 | 50.00 | NOTE | |
r-patched-linux-x86_64 | 1.1.2 | 3.13 | 21.91 | 25.04 | NOTE | |
r-release-linux-x86_64 | 1.1.2 | 2.76 | 21.89 | 24.65 | NOTE | |
r-release-macos-arm64 | 1.1.2 | 17.00 | NOTE | |||
r-release-macos-x86_64 | 1.1.2 | 30.00 | NOTE | |||
r-release-windows-x86_64 | 1.1.2 | 3.00 | 51.00 | 54.00 | NOTE | |
r-oldrel-macos-arm64 | 1.1.2 | 15.00 | NOTE | |||
r-oldrel-macos-x86_64 | 1.1.2 | 23.00 | NOTE | |||
r-oldrel-windows-x86_64 | 1.1.2 | 3.00 | 43.00 | 46.00 | NOTE |
Version: 1.1.2
Check: CRAN incoming feasibility
Result: NOTE
Maintainer: ‘Qingsheng Huang <huangqqss@126.com>’
No Authors@R field in DESCRIPTION.
Please add one, modifying
Authors@R: person(given = "Qingsheng",
family = "Huang",
role = c("aut", "cre"),
email = "huangqqss@126.com")
as necessary.
Flavors: r-devel-linux-x86_64-debian-clang, r-devel-linux-x86_64-debian-gcc
Version: 1.1.2
Check: Rd files
Result: NOTE
checkRd: (-1) read.ctable.Rd:19: Lost braces; missing escapes or markup?
19 | a integer scalar which is the index ({icol,irow}) of {row,col}-header
| ^
checkRd: (-1) read.ctable.Rd:19: Lost braces; missing escapes or markup?
19 | a integer scalar which is the index ({icol,irow}) of {row,col}-header
| ^
checkRd: (-1) read.ctable.Rd:29: Lost braces; missing escapes or markup?
29 | output array, {row,col}.names are not necessary \code{dimnames[[1]]} and
| ^
Flavors: r-devel-linux-x86_64-debian-clang, r-devel-linux-x86_64-debian-gcc, r-devel-linux-x86_64-fedora-clang, r-devel-linux-x86_64-fedora-gcc, r-devel-windows-x86_64, r-patched-linux-x86_64, r-release-linux-x86_64, r-release-macos-arm64, r-release-macos-x86_64, r-release-windows-x86_64, r-oldrel-macos-arm64, r-oldrel-macos-x86_64, r-oldrel-windows-x86_64