Last updated on 2024-03-28 19:48:32 CET.
Flavor | Version | Tinstall | Tcheck | Ttotal | Status | Flags |
---|---|---|---|---|---|---|
r-devel-linux-x86_64-debian-clang | 0.9.6-1 | 33.10 | 155.90 | 189.00 | NOTE | |
r-devel-linux-x86_64-debian-gcc | 0.9.6-1 | 22.76 | 114.32 | 137.08 | NOTE | |
r-devel-linux-x86_64-fedora-clang | 0.9.6-1 | 240.15 | NOTE | |||
r-devel-linux-x86_64-fedora-gcc | 0.9.6-1 | 229.03 | NOTE | |||
r-devel-windows-x86_64 | 0.9.6-1 | 27.00 | 132.00 | 159.00 | NOTE | |
r-patched-linux-x86_64 | 0.9.6-1 | 30.49 | 146.12 | 176.61 | NOTE | |
r-release-linux-x86_64 | 0.9.6-1 | 28.73 | 152.47 | 181.20 | OK | |
r-release-macos-arm64 | 0.9.6-1 | 70.00 | NOTE | |||
r-release-macos-x86_64 | 0.9.6-1 | 112.00 | NOTE | |||
r-release-windows-x86_64 | 0.9.6-1 | 34.00 | 179.00 | 213.00 | OK | |
r-oldrel-macos-arm64 | 0.9.6-1 | 69.00 | NOTE | |||
r-oldrel-windows-x86_64 | 0.9.6-1 | 34.00 | 164.00 | 198.00 | OK |
Version: 0.9.6-1
Check: Rd files
Result: NOTE
checkRd: (-1) Gapfill.Rd:66-68: Lost braces in \itemize; \value handles \item{}{} directly
checkRd: (-1) Gapfill.Rd:69-70: Lost braces in \itemize; \value handles \item{}{} directly
checkRd: (-1) Gapfill.Rd:71-77: Lost braces in \itemize; \value handles \item{}{} directly
checkRd: (-1) Gapfill.Rd:72: Lost braces in \itemize; \value handles \item{}{} directly
checkRd: (-1) Gapfill.Rd:73: Lost braces in \itemize; \value handles \item{}{} directly
checkRd: (-1) Gapfill.Rd:74: Lost braces in \itemize; \value handles \item{}{} directly
checkRd: (-1) Gapfill.Rd:75: Lost braces in \itemize; \value handles \item{}{} directly
checkRd: (-1) Gapfill.Rd:78: Lost braces in \itemize; \value handles \item{}{} directly
checkRd: (-1) ndvi.Rd:10: Lost braces in \itemize; meant \describe ?
checkRd: (-1) ndvi.Rd:11: Lost braces in \itemize; meant \describe ?
checkRd: (-1) ndvi.Rd:12: Lost braces in \itemize; meant \describe ?
checkRd: (-1) ndvi.Rd:13: Lost braces in \itemize; meant \describe ?
Flavors: r-devel-linux-x86_64-debian-clang, r-devel-linux-x86_64-debian-gcc, r-devel-linux-x86_64-fedora-clang, r-devel-linux-x86_64-fedora-gcc, r-devel-windows-x86_64, r-patched-linux-x86_64
Version: 0.9.6-1
Check: package dependencies
Result: NOTE
Package which this enhances but not available for checking: ‘doMPI’
Flavors: r-release-macos-arm64, r-release-macos-x86_64, r-oldrel-macos-arm64