CRAN Package Check Results for Package gamlssbssn

Last updated on 2025-05-03 21:51:18 CEST.

Flavor Version Tinstall Tcheck Ttotal Status Flags
r-devel-linux-x86_64-debian-clang 0.1.0 2.14 21.85 23.99 NOTE
r-devel-linux-x86_64-debian-gcc 0.1.0 1.79 17.10 18.89 NOTE
r-devel-linux-x86_64-fedora-clang 0.1.0 38.09 NOTE
r-devel-linux-x86_64-fedora-gcc 0.1.0 34.07 NOTE
r-devel-windows-x86_64 0.1.0 3.00 48.00 51.00 OK
r-patched-linux-x86_64 0.1.0 1.73 20.03 21.76 OK
r-release-linux-x86_64 OK
r-release-macos-arm64 0.1.0 17.00 OK
r-release-macos-x86_64 0.1.0 25.00 OK
r-release-windows-x86_64 0.1.0 4.00 42.00 46.00 OK
r-oldrel-macos-arm64 0.1.0 15.00 NOTE
r-oldrel-macos-x86_64 0.1.0 23.00 NOTE
r-oldrel-windows-x86_64 0.1.0 4.00 45.00 49.00 NOTE

Check Details

Version: 0.1.0
Check: CRAN incoming feasibility
Result: NOTE Maintainer: ‘Abu Hossain <a.hossain@londonmet.ac.uk>’ No Authors@R field in DESCRIPTION. Please add one, modifying Authors@R: c(person(given = "Abu", family = "Hossain", role = c("aut", "cre"), email = "a.hossain@londonmet.ac.uk"), person(given = "Robert", family = "Rigby", role = "aut"), person(given = "Mikis", family = "Stasinopoulos", role = "aut")) as necessary. Flavors: r-devel-linux-x86_64-debian-clang, r-devel-linux-x86_64-debian-gcc

Version: 0.1.0
Check: dependencies in R code
Result: NOTE Namespaces in Imports field not imported from: ‘MASS’ ‘gamlss’ All declared Imports should be used. Flavors: r-devel-linux-x86_64-fedora-clang, r-devel-linux-x86_64-fedora-gcc

Version: 0.1.0
Check: LazyData
Result: NOTE 'LazyData' is specified without a 'data' directory Flavors: r-oldrel-macos-arm64, r-oldrel-macos-x86_64, r-oldrel-windows-x86_64