Last updated on 2025-05-06 20:50:41 CEST.
Flavor | Version | Tinstall | Tcheck | Ttotal | Status | Flags |
---|---|---|---|---|---|---|
r-devel-linux-x86_64-debian-clang | 3.0-2 | 11.12 | 81.76 | 92.88 | WARN | |
r-devel-linux-x86_64-debian-gcc | 3.0-2 | 7.78 | 60.15 | 67.93 | WARN | |
r-devel-linux-x86_64-fedora-clang | 3.0-2 | 144.82 | WARN | |||
r-devel-linux-x86_64-fedora-gcc | 3.0-2 | 135.64 | WARN | |||
r-devel-windows-x86_64 | 3.0-2 | 11.00 | 86.00 | 97.00 | WARN | |
r-patched-linux-x86_64 | 3.0-2 | 9.32 | 79.08 | 88.40 | WARN | |
r-release-linux-x86_64 | 3.0-2 | 9.94 | 79.23 | 89.17 | WARN | |
r-release-macos-arm64 | 3.0-2 | 41.00 | OK | |||
r-release-macos-x86_64 | 3.0-2 | 85.00 | OK | |||
r-release-windows-x86_64 | 3.0-2 | 11.00 | 88.00 | 99.00 | WARN | |
r-oldrel-macos-arm64 | 3.0-2 | 38.00 | OK | |||
r-oldrel-macos-x86_64 | 3.0-2 | 62.00 | OK | |||
r-oldrel-windows-x86_64 | 3.0-2 | 14.00 | 108.00 | 122.00 | WARN |
Version: 3.0-2
Check: whether package can be installed
Result: WARN
Found the following significant warnings:
Warning: replacing previous import ‘gamlss::lp’ by ‘mgcv::lp’ when loading ‘gamlss.spatial’
Flavors: r-devel-linux-x86_64-debian-clang, r-devel-linux-x86_64-debian-gcc, r-devel-linux-x86_64-fedora-clang, r-devel-linux-x86_64-fedora-gcc, r-devel-windows-x86_64, r-patched-linux-x86_64, r-release-linux-x86_64, r-release-windows-x86_64, r-oldrel-windows-x86_64
Version: 3.0-2
Check: Rd cross-references
Result: NOTE
Found the following Rd file(s) with Rd \link{} targets missing package
anchors:
MRF.Rd: mrf
Please provide package anchors for all Rd \link{} targets not in the
package itself and the base packages.
Flavors: r-devel-linux-x86_64-debian-clang, r-devel-linux-x86_64-debian-gcc, r-devel-windows-x86_64, r-patched-linux-x86_64, r-release-linux-x86_64, r-release-windows-x86_64