CRAN Package Check Results for Package gamlss.data

Last updated on 2024-02-25 19:49:58 CET.

Flavor Version Tinstall Tcheck Ttotal Status Flags
r-devel-linux-x86_64-debian-clang 6.0-2 3.19 26.56 29.75 NOTE
r-devel-linux-x86_64-debian-gcc 6.0-2 2.10 23.74 25.84 NOTE
r-devel-linux-x86_64-fedora-clang 6.0-2 42.06 NOTE
r-devel-linux-x86_64-fedora-gcc 6.0-2 40.59 NOTE
r-devel-windows-x86_64 6.0-2 7.00 53.00 60.00 NOTE
r-patched-linux-x86_64 6.0-2 3.61 30.41 34.02 NOTE
r-release-linux-x86_64 6.0-2 3.12 30.42 33.54 NOTE
r-release-macos-arm64 6.0-2 20.00 NOTE
r-release-macos-x86_64 6.0-2 26.00 NOTE
r-release-windows-x86_64 6.0-2 6.00 55.00 61.00 NOTE
r-oldrel-macos-arm64 6.0-2 18.00 OK
r-oldrel-windows-x86_64 6.0-2 12.00 56.00 68.00 OK

Check Details

Version: 6.0-2
Check: Rd files
Result: NOTE checkRd: (-1) LGAclaims.Rd:30: Escaped LaTeX specials: \_ checkRd: (-1) LGAclaims.Rd:34: Escaped LaTeX specials: \_ checkRd: (-1) LGAclaims.Rd:35: Escaped LaTeX specials: \_ checkRd: (-1) LGAclaims.Rd:36: Escaped LaTeX specials: \_ checkRd: (-1) brownfat.Rd:35: Lost braces 35 | \references{ Routhier-Labadie, A., Ouellet, V., Bellemare, W., Richard, D., Lakhal-Chaieb, L., Turcotte, E., and Carpentier, A. C. (2011), Outdoor Temperature, Age, Sex, Body Mass Index, and Diabetic Status Determine the Prevalence, Mass, and Glucose-Uptake Activity of 18{F}-{FDG}-Detected {BAT} in Humans.\emph{The Journal of Clinical Endocrinology and Metabolism}, Volume \bold{96}, number 1, pp 192-199. | ^ Flavors: r-devel-linux-x86_64-debian-clang, r-devel-linux-x86_64-debian-gcc

Version: 6.0-2
Check: Rd files
Result: NOTE checkRd: (-1) LGAclaims.Rd:30: Escaped LaTeX specials: \_ checkRd: (-1) LGAclaims.Rd:34: Escaped LaTeX specials: \_ checkRd: (-1) LGAclaims.Rd:35: Escaped LaTeX specials: \_ checkRd: (-1) LGAclaims.Rd:36: Escaped LaTeX specials: \_ Flavors: r-devel-linux-x86_64-fedora-clang, r-devel-linux-x86_64-fedora-gcc, r-devel-windows-x86_64, r-patched-linux-x86_64, r-release-linux-x86_64, r-release-macos-arm64, r-release-macos-x86_64, r-release-windows-x86_64