CRAN Package Check Results for Package gamlss.countKinf

Last updated on 2022-09-28 21:51:37 CEST.

Flavor Version Tinstall Tcheck Ttotal Status Flags
r-devel-linux-x86_64-debian-clang 3.5.1 13.01 120.37 133.38 NOTE
r-devel-linux-x86_64-debian-gcc 3.5.1 10.97 88.36 99.33 NOTE
r-devel-linux-x86_64-fedora-clang 3.5.1 175.54 NOTE
r-devel-linux-x86_64-fedora-gcc 3.5.1 182.92 NOTE
r-devel-windows-x86_64 3.5.1 64.00 136.00 200.00 NOTE
r-patched-linux-x86_64 3.5.1 19.33 113.94 133.27 NOTE
r-release-linux-x86_64 3.5.1 15.06 114.05 129.11 NOTE
r-release-macos-arm64 3.5.1 44.00 NOTE
r-release-macos-x86_64 3.5.1 58.00 NOTE
r-release-windows-x86_64 3.5.1 80.00 141.00 221.00 NOTE
r-oldrel-macos-arm64 3.5.1 49.00 NOTE
r-oldrel-macos-x86_64 3.5.1 65.00 NOTE
r-oldrel-windows-ix86+x86_64 3.5.1 29.00 134.00 163.00 NOTE

Check Details

Version: 3.5.1
Check: LazyData
Result: NOTE
     'LazyData' is specified without a 'data' directory
Flavors: r-devel-linux-x86_64-debian-clang, r-devel-linux-x86_64-debian-gcc, r-devel-linux-x86_64-fedora-clang, r-devel-linux-x86_64-fedora-gcc, r-devel-windows-x86_64, r-patched-linux-x86_64, r-release-linux-x86_64, r-release-macos-arm64, r-release-macos-x86_64, r-release-windows-x86_64, r-oldrel-macos-arm64, r-oldrel-macos-x86_64, r-oldrel-windows-ix86+x86_64