Last updated on 2025-11-23 20:48:48 CET.
| Flavor | Version | Tinstall | Tcheck | Ttotal | Status | Flags |
|---|---|---|---|---|---|---|
| r-devel-linux-x86_64-debian-clang | 2.5.0 | 2.50 | 38.86 | 41.36 | NOTE | |
| r-devel-linux-x86_64-debian-gcc | 2.5.0 | 1.91 | 31.18 | 33.09 | NOTE | |
| r-devel-linux-x86_64-fedora-clang | 2.5.0 | 63.83 | OK | |||
| r-devel-linux-x86_64-fedora-gcc | 2.5.0 | 71.92 | OK | |||
| r-devel-windows-x86_64 | 2.5.0 | 5.00 | 65.00 | 70.00 | OK | |
| r-patched-linux-x86_64 | 2.5.0 | 2.24 | 36.09 | 38.33 | OK | |
| r-release-linux-x86_64 | 2.5.0 | 2.51 | 35.85 | 38.36 | OK | |
| r-release-macos-arm64 | 2.5.0 | OK | ||||
| r-release-macos-x86_64 | 2.5.0 | 3.00 | 56.00 | 59.00 | OK | |
| r-release-windows-x86_64 | 2.5.0 | 4.00 | 63.00 | 67.00 | OK | |
| r-oldrel-macos-arm64 | 2.5.0 | OK | ||||
| r-oldrel-macos-x86_64 | 2.5.0 | 2.00 | 53.00 | 55.00 | OK | |
| r-oldrel-windows-x86_64 | 2.5.0 | 5.00 | 76.00 | 81.00 | OK |
Version: 2.5.0
Check: CRAN incoming feasibility
Result: NOTE
Maintainer: ‘Thomas Matthews <txm676@gmail.com>’
Package CITATION file contains call(s) to old-style personList() or
as.personList(). Please use c() on person objects instead.
Package CITATION file contains call(s) to old-style citEntry(). Please
use bibentry() instead.
Flavors: r-devel-linux-x86_64-debian-clang, r-devel-linux-x86_64-debian-gcc