Last updated on 2025-05-06 20:50:41 CEST.
Flavor | Version | Tinstall | Tcheck | Ttotal | Status | Flags |
---|---|---|---|---|---|---|
r-devel-linux-x86_64-debian-clang | 0.2.1 | 56.86 | 158.68 | 215.54 | OK | |
r-devel-linux-x86_64-debian-gcc | 0.2.1 | 44.49 | 118.15 | 162.64 | OK | |
r-devel-linux-x86_64-fedora-clang | 0.2.1 | 357.86 | OK | |||
r-devel-linux-x86_64-fedora-gcc | 0.2.1 | 381.09 | WARN | |||
r-devel-windows-x86_64 | 0.2.1 | 59.00 | 189.00 | 248.00 | OK | |
r-patched-linux-x86_64 | 0.2.1 | 64.21 | 157.44 | 221.65 | OK | |
r-release-linux-x86_64 | 0.2.1 | 59.11 | 154.74 | 213.85 | OK | |
r-release-macos-arm64 | 0.2.1 | 116.00 | OK | |||
r-release-macos-x86_64 | 0.2.1 | 224.00 | OK | |||
r-release-windows-x86_64 | 0.2.1 | 61.00 | 190.00 | 251.00 | OK | |
r-oldrel-macos-arm64 | 0.2.1 | 116.00 | NOTE | |||
r-oldrel-macos-x86_64 | 0.2.1 | 302.00 | NOTE | |||
r-oldrel-windows-x86_64 | 0.2.1 | 71.00 | 240.00 | 311.00 | OK |
Version: 0.2.1
Check: whether package can be installed
Result: WARN
Found the following significant warnings:
/data/gannet/ripley/R/test-dev/RcppEigen/include/Eigen/src/Core/PlainObjectBase.h:512:17: warning: 'SR.17795' is used uninitialized [-Wuninitialized]
/data/gannet/ripley/R/test-dev/RcppEigen/include/Eigen/src/Core/PlainObjectBase.h:512:17: warning: 'SR.23814' is used uninitialized [-Wuninitialized]
See ‘/data/gannet/ripley/R/packages/tests-devel/galamm.Rcheck/00install.out’ for details.
* used C++ compiler: ‘g++-15 (GCC) 15.1.0’
Flavor: r-devel-linux-x86_64-fedora-gcc
Version: 0.2.1
Check: installed package size
Result: NOTE
installed size is 25.8Mb
sub-directories of 1Mb or more:
doc 2.0Mb
libs 22.2Mb
Flavors: r-oldrel-macos-arm64, r-oldrel-macos-x86_64