Last updated on 2024-04-18 21:56:51 CEST.
Flavor | Version | Tinstall | Tcheck | Ttotal | Status | Flags |
---|---|---|---|---|---|---|
r-devel-linux-x86_64-debian-clang | 0.5.1 | 2.45 | 19.41 | 21.86 | OK | |
r-devel-linux-x86_64-debian-gcc | 0.5.1 | 2.21 | 15.59 | 17.80 | OK | |
r-devel-linux-x86_64-fedora-clang | 0.5.1 | 28.13 | NOTE | |||
r-devel-linux-x86_64-fedora-gcc | 0.5.1 | 27.24 | NOTE | |||
r-prerel-macos-arm64 | 0.5.1 | 15.00 | OK | |||
r-prerel-windows-x86_64 | 0.5.1 | 6.00 | 42.00 | 48.00 | OK | |
r-patched-linux-x86_64 | 0.5.1 | 2.55 | 19.64 | 22.19 | OK | |
r-release-linux-x86_64 | 0.5.1 | 2.29 | 18.89 | 21.18 | OK | |
r-release-macos-arm64 | 0.5.1 | 17.00 | OK | |||
r-release-macos-x86_64 | 0.5.1 | 20.00 | OK | |||
r-release-windows-x86_64 | 0.5.1 | 6.00 | 41.00 | 47.00 | OK | |
r-oldrel-macos-arm64 | 0.5.1 | 16.00 | OK | |||
r-oldrel-windows-x86_64 | 0.5.1 | 7.00 | 43.00 | 50.00 | OK |
Version: 0.5.1
Check: compiled code
Result: NOTE
File ‘gafit/libs/gafit.so’:
Found no calls to: ‘R_registerRoutines’, ‘R_useDynamicSymbols’
It is good practice to register native routines and to disable symbol
search.
See ‘Writing portable packages’ in the ‘Writing R Extensions’ manual.
Flavors: r-devel-linux-x86_64-fedora-clang, r-devel-linux-x86_64-fedora-gcc