Last updated on 2025-07-04 20:49:15 CEST.
Flavor | Version | Tinstall | Tcheck | Ttotal | Status | Flags |
---|---|---|---|---|---|---|
r-devel-linux-x86_64-debian-clang | 1.4.5 | 37.69 | 116.22 | 153.91 | NOTE | |
r-devel-linux-x86_64-debian-gcc | 1.4.5 | 25.57 | 82.73 | 108.30 | NOTE | |
r-devel-linux-x86_64-fedora-clang | 1.4.5 | 249.40 | OK | |||
r-devel-linux-x86_64-fedora-gcc | 1.4.5 | 248.12 | OK | |||
r-devel-windows-x86_64 | 1.4.5 | 41.00 | 134.00 | 175.00 | OK | |
r-patched-linux-x86_64 | 1.4.5 | 37.05 | 108.89 | 145.94 | NOTE | |
r-release-linux-x86_64 | 1.4.5 | 37.69 | 108.47 | 146.16 | NOTE | |
r-release-macos-arm64 | 1.4.5 | 83.00 | OK | |||
r-release-macos-x86_64 | 1.4.5 | 144.00 | OK | |||
r-release-windows-x86_64 | 1.4.5 | 48.00 | 136.00 | 184.00 | OK | |
r-oldrel-macos-arm64 | 1.4.5 | 70.00 | OK | |||
r-oldrel-macos-x86_64 | 1.4.5 | 121.00 | OK | |||
r-oldrel-windows-x86_64 | 1.4.5 | 53.00 | 172.00 | 225.00 | OK |
Version: 1.4.5
Check: for unstated dependencies in ‘demo’
Result: NOTE
'library' or 'require' call not declared from: ‘Rgraphviz’
Flavors: r-devel-linux-x86_64-debian-clang, r-devel-linux-x86_64-debian-gcc, r-patched-linux-x86_64, r-release-linux-x86_64