Last updated on 2025-05-03 21:51:20 CEST.
Flavor | Version | Tinstall | Tcheck | Ttotal | Status | Flags |
---|---|---|---|---|---|---|
r-devel-linux-x86_64-debian-clang | 1.5.4 | 10.75 | 246.90 | 257.65 | NOTE | |
r-devel-linux-x86_64-debian-gcc | 1.5.4 | 6.37 | 178.58 | 184.95 | NOTE | |
r-devel-linux-x86_64-fedora-clang | 1.5.4 | 406.92 | NOTE | |||
r-devel-linux-x86_64-fedora-gcc | 1.5.4 | 401.05 | NOTE | |||
r-devel-windows-x86_64 | 1.5.4 | 12.00 | 229.00 | 241.00 | NOTE | |
r-patched-linux-x86_64 | 1.5.4 | 10.43 | 236.19 | 246.62 | NOTE | |
r-release-linux-x86_64 | NOTE | |||||
r-release-macos-arm64 | 1.5.4 | 107.00 | NOTE | |||
r-release-macos-x86_64 | 1.5.4 | 227.00 | NOTE | |||
r-release-windows-x86_64 | 1.5.4 | 13.00 | 225.00 | 238.00 | NOTE | |
r-oldrel-macos-arm64 | 1.5.4 | 113.00 | NOTE | |||
r-oldrel-macos-x86_64 | 1.5.4 | 192.00 | NOTE | |||
r-oldrel-windows-x86_64 | 1.5.4 | 17.00 | 302.00 | 319.00 | NOTE |
Version: 1.5.4
Check: DESCRIPTION meta-information
Result: NOTE
Missing dependency on R >= 4.1.0 because package code uses the pipe
|> or function shorthand \(...) syntax added in R 4.1.0.
File(s) using such syntax:
‘ndset.R’
Flavors: r-devel-linux-x86_64-debian-clang, r-devel-linux-x86_64-debian-gcc, r-devel-linux-x86_64-fedora-clang, r-devel-linux-x86_64-fedora-gcc, r-devel-windows-x86_64, r-patched-linux-x86_64, r-release-linux-x86_64, r-release-macos-arm64, r-release-macos-x86_64, r-release-windows-x86_64
Version: 1.5.4
Check: installed package size
Result: NOTE
installed size is 6.3Mb
sub-directories of 1Mb or more:
doc 5.0Mb
Flavors: r-oldrel-macos-arm64, r-oldrel-macos-x86_64, r-oldrel-windows-x86_64