Last updated on 2023-06-08 21:52:08 CEST.
Flavor | Version | Tinstall | Tcheck | Ttotal | Status | Flags |
---|---|---|---|---|---|---|
r-devel-linux-x86_64-debian-clang | 0.2.0 | 9.31 | 98.52 | 107.83 | OK | |
r-devel-linux-x86_64-debian-gcc | 0.2.0 | 8.26 | 76.12 | 84.38 | OK | |
r-devel-linux-x86_64-fedora-clang | 0.2.0 | 139.52 | NOTE | |||
r-devel-linux-x86_64-fedora-gcc | 0.2.0 | 143.89 | NOTE | |||
r-devel-windows-x86_64 | 0.2.0 | 11.00 | 89.00 | 100.00 | OK | |
r-patched-linux-x86_64 | 0.2.0 | 10.96 | 94.56 | 105.52 | OK | |
r-release-linux-x86_64 | 0.2.0 | 9.15 | 95.02 | 104.17 | OK | |
r-release-macos-arm64 | 0.2.0 | 48.00 | OK | |||
r-release-macos-x86_64 | 0.2.0 | 80.00 | OK | |||
r-release-windows-x86_64 | 0.2.0 | 14.00 | 108.00 | 122.00 | OK | |
r-oldrel-macos-arm64 | 0.2.0 | 58.00 | NOTE | |||
r-oldrel-macos-x86_64 | 0.2.0 | 65.00 | NOTE | |||
r-oldrel-windows-x86_64 | 0.2.0 | 14.00 | 108.00 | 122.00 | OK |
Version: 0.2.0
Check: dependencies in R code
Result: NOTE
Namespaces in Imports field not imported from:
‘MASS’ ‘MCMCpack’ ‘ggplot2’ ‘moments’
All declared Imports should be used.
Flavors: r-devel-linux-x86_64-fedora-clang, r-devel-linux-x86_64-fedora-gcc, r-oldrel-macos-arm64, r-oldrel-macos-x86_64