Last updated on 2024-04-22 20:53:37 CEST.
Flavor | Version | Tinstall | Tcheck | Ttotal | Status | Flags |
---|---|---|---|---|---|---|
r-devel-linux-x86_64-debian-clang | 0.2.0 | 10.82 | 96.19 | 107.01 | OK | |
r-devel-linux-x86_64-debian-gcc | 0.2.0 | 8.99 | 71.39 | 80.38 | OK | |
r-devel-linux-x86_64-fedora-clang | 0.2.0 | 134.81 | NOTE | |||
r-devel-linux-x86_64-fedora-gcc | 0.2.0 | 141.42 | NOTE | |||
r-prerel-macos-arm64 | 0.2.0 | 46.00 | OK | |||
r-prerel-windows-x86_64 | 0.2.0 | 9.00 | 84.00 | 93.00 | OK | |
r-patched-linux-x86_64 | 0.2.0 | 9.44 | 94.09 | 103.53 | OK | |
r-release-linux-x86_64 | 0.2.0 | 10.75 | 94.84 | 105.59 | OK | |
r-release-macos-arm64 | 0.2.0 | 48.00 | OK | |||
r-release-macos-x86_64 | 0.2.0 | 80.00 | OK | |||
r-release-windows-x86_64 | 0.2.0 | 12.00 | 99.00 | 111.00 | OK | |
r-oldrel-macos-arm64 | 0.2.0 | 58.00 | NOTE | |||
r-oldrel-windows-x86_64 | 0.2.0 | 12.00 | 102.00 | 114.00 | OK |
Version: 0.2.0
Check: dependencies in R code
Result: NOTE
Namespaces in Imports field not imported from:
‘MASS’ ‘MCMCpack’ ‘ggplot2’ ‘moments’
All declared Imports should be used.
Flavors: r-devel-linux-x86_64-fedora-clang, r-devel-linux-x86_64-fedora-gcc, r-oldrel-macos-arm64