Last updated on 2024-04-19 20:56:38 CEST.
Flavor | Version | Tinstall | Tcheck | Ttotal | Status | Flags |
---|---|---|---|---|---|---|
r-devel-linux-x86_64-debian-clang | 2.4.1 | 1.89 | 26.53 | 28.42 | NOTE | |
r-devel-linux-x86_64-debian-gcc | 2.4.1 | NOTE | ||||
r-devel-linux-x86_64-fedora-clang | 2.4.1 | 38.17 | OK | |||
r-devel-linux-x86_64-fedora-gcc | 2.4.1 | 47.70 | OK | |||
r-prerel-macos-arm64 | 2.4.1 | 23.00 | OK | |||
r-prerel-macos-x86_64 | 2.4.1 | 72.00 | OK | |||
r-prerel-windows-x86_64 | 2.4.1 | 3.00 | 48.00 | 51.00 | OK | |
r-patched-linux-x86_64 | 2.4.1 | 1.53 | 26.24 | 27.77 | NOTE | |
r-release-linux-x86_64 | 2.4.1 | 1.91 | 24.82 | 26.73 | NOTE | |
r-release-macos-arm64 | 2.4.1 | 30.00 | OK | |||
r-release-macos-x86_64 | 2.4.1 | 76.00 | OK | |||
r-release-windows-x86_64 | 2.4.1 | 4.00 | 44.00 | 48.00 | OK | |
r-oldrel-macos-arm64 | 2.4.1 | 25.00 | OK | |||
r-oldrel-windows-x86_64 | 2.4.1 | 6.00 | 48.00 | 54.00 | OK |
Version: 2.4.1
Check: R code for possible problems
Result: NOTE
Found the following calls to attach():
File ‘g.data/R/g.data.attach.R’:
attach(NULL, pos, basename(dir))
See section ‘Good practice’ in ‘?attach’.
Flavors: r-devel-linux-x86_64-debian-clang, r-devel-linux-x86_64-debian-gcc, r-patched-linux-x86_64, r-release-linux-x86_64