Last updated on 2023-11-27 19:52:39 CET.
Flavor | Version | Tinstall | Tcheck | Ttotal | Status | Flags |
---|---|---|---|---|---|---|
r-devel-linux-x86_64-debian-clang | 0.1.6 | 5.82 | 151.43 | 157.25 | NOTE | |
r-devel-linux-x86_64-debian-gcc | 0.1.6 | 4.04 | 108.71 | 112.75 | NOTE | |
r-devel-linux-x86_64-fedora-clang | 0.1.6 | 189.30 | OK | |||
r-devel-linux-x86_64-fedora-gcc | 0.1.6 | 185.33 | OK | |||
r-devel-windows-x86_64 | 0.1.6 | 6.00 | 116.00 | 122.00 | OK | |
r-patched-linux-x86_64 | 0.1.6 | 10.61 | 135.10 | 145.71 | OK | |
r-release-linux-x86_64 | 0.1.6 | 5.03 | 132.80 | 137.83 | OK | |
r-release-macos-arm64 | 0.1.6 | 67.00 | OK | |||
r-release-macos-x86_64 | 0.1.6 | 96.00 | OK | |||
r-release-windows-x86_64 | 0.1.6 | 7.00 | 140.00 | 147.00 | OK | |
r-oldrel-macos-arm64 | 0.1.6 | 74.00 | NOTE | |||
r-oldrel-macos-x86_64 | 0.1.6 | 133.00 | OK | |||
r-oldrel-windows-x86_64 | 0.1.6 | 9.00 | 140.00 | 149.00 | OK |
Version: 0.1.6
Check: Rd files
Result: NOTE
checkRd: (-1) misspellings.Rd:18: Lost braces
18 | This is a code{tbl_df} mapping misspellings of their words, compiled by
| ^
Flavors: r-devel-linux-x86_64-debian-clang, r-devel-linux-x86_64-debian-gcc
Version: 0.1.6
Check: package dependencies
Result: NOTE
Package suggested but not available for checking: ‘IRanges’
Flavor: r-oldrel-macos-arm64
Version: 0.1.6
Check: Rd cross-references
Result: NOTE
Package unavailable to check Rd xrefs: ‘IRanges’
Flavor: r-oldrel-macos-arm64