Last updated on 2024-03-28 19:48:31 CET.
Flavor | Version | Tinstall | Tcheck | Ttotal | Status | Flags |
---|---|---|---|---|---|---|
r-devel-linux-x86_64-debian-clang | 0.1.6 | 6.00 | 133.71 | 139.71 | NOTE | |
r-devel-linux-x86_64-debian-gcc | 0.1.6 | 4.41 | 104.60 | 109.01 | NOTE | |
r-devel-linux-x86_64-fedora-clang | 0.1.6 | 181.61 | NOTE | |||
r-devel-linux-x86_64-fedora-gcc | 0.1.6 | 191.40 | NOTE | |||
r-devel-windows-x86_64 | 0.1.6 | 6.00 | 113.00 | 119.00 | NOTE | |
r-patched-linux-x86_64 | 0.1.6 | 10.64 | 134.25 | 144.89 | NOTE | |
r-release-linux-x86_64 | 0.1.6 | 4.91 | 132.26 | 137.17 | OK | |
r-release-macos-arm64 | 0.1.6 | 67.00 | OK | |||
r-release-macos-x86_64 | 0.1.6 | 96.00 | OK | |||
r-release-windows-x86_64 | 0.1.6 | 7.00 | 136.00 | 143.00 | OK | |
r-oldrel-macos-arm64 | 0.1.6 | 74.00 | NOTE | |||
r-oldrel-windows-x86_64 | 0.1.6 | 8.00 | 141.00 | 149.00 | OK |
Version: 0.1.6
Check: Rd files
Result: NOTE
checkRd: (-1) misspellings.Rd:18: Lost braces
18 | This is a code{tbl_df} mapping misspellings of their words, compiled by
| ^
Flavors: r-devel-linux-x86_64-debian-clang, r-devel-linux-x86_64-debian-gcc, r-devel-linux-x86_64-fedora-clang, r-devel-linux-x86_64-fedora-gcc, r-devel-windows-x86_64, r-patched-linux-x86_64
Version: 0.1.6
Check: package dependencies
Result: NOTE
Package suggested but not available for checking: ‘IRanges’
Flavor: r-oldrel-macos-arm64
Version: 0.1.6
Check: Rd cross-references
Result: NOTE
Package unavailable to check Rd xrefs: ‘IRanges’
Flavor: r-oldrel-macos-arm64