CRAN Package Check Results for Package fuzzyjoin

Last updated on 2023-01-27 20:49:10 CET.

Flavor Version Tinstall Tcheck Ttotal Status Flags
r-devel-linux-x86_64-debian-clang 0.1.6 5.64 163.43 169.07 OK
r-devel-linux-x86_64-debian-gcc 0.1.6 3.85 114.02 117.87 OK
r-devel-linux-x86_64-fedora-clang 0.1.6 196.30 OK
r-devel-linux-x86_64-fedora-gcc 0.1.6 197.44 OK
r-devel-windows-x86_64 0.1.6 25.00 171.00 196.00 OK
r-patched-linux-x86_64 0.1.6 9.66 144.70 154.36 OK
r-release-linux-x86_64 0.1.6 5.18 147.50 152.68 OK
r-release-macos-arm64 0.1.6 74.00 NOTE
r-release-macos-x86_64 0.1.6 133.00 OK
r-release-windows-x86_64 0.1.6 31.00 186.00 217.00 OK
r-oldrel-macos-arm64 0.1.6 65.00 OK
r-oldrel-macos-x86_64 0.1.6 82.00 OK
r-oldrel-windows-ix86+x86_64 0.1.6 14.00 178.00 192.00 OK

Check Details

Version: 0.1.6
Check: package dependencies
Result: NOTE
    Package suggested but not available for checking: ‘IRanges’
Flavor: r-release-macos-arm64

Version: 0.1.6
Check: Rd cross-references
Result: NOTE
    Package unavailable to check Rd xrefs: ‘IRanges’
Flavor: r-release-macos-arm64