CRAN Package Check Results for Package fuzzr

Last updated on 2023-12-08 20:55:09 CET.

Flavor Version Tinstall Tcheck Ttotal Status Flags
r-devel-linux-x86_64-debian-clang 0.2.2 2.48 44.91 47.39 NOTE
r-devel-linux-x86_64-debian-gcc 0.2.2 1.85 34.62 36.47 NOTE
r-devel-linux-x86_64-fedora-clang 0.2.2 59.75 NOTE
r-devel-linux-x86_64-fedora-gcc 0.2.2 69.09 NOTE
r-devel-windows-x86_64 0.2.2 3.00 55.00 58.00 NOTE
r-patched-linux-x86_64 0.2.2 1.87 45.03 46.90 NOTE
r-release-linux-x86_64 0.2.2 2.37 44.04 46.41 NOTE
r-release-macos-arm64 0.2.2 28.00 NOTE
r-release-macos-x86_64 0.2.2 42.00 NOTE
r-release-windows-x86_64 0.2.2 3.00 60.00 63.00 NOTE
r-oldrel-macos-arm64 0.2.2 21.00 NOTE
r-oldrel-macos-x86_64 0.2.2 30.00 NOTE
r-oldrel-windows-x86_64 0.2.2 3.00 51.00 54.00 NOTE

Check Details

Version: 0.2.2
Check: LazyData
Result: NOTE 'LazyData' is specified without a 'data' directory Flavors: r-devel-linux-x86_64-debian-clang, r-devel-linux-x86_64-debian-gcc, r-devel-linux-x86_64-fedora-clang, r-devel-linux-x86_64-fedora-gcc, r-devel-windows-x86_64, r-patched-linux-x86_64, r-release-linux-x86_64, r-release-macos-arm64, r-release-macos-x86_64, r-release-windows-x86_64, r-oldrel-macos-arm64, r-oldrel-macos-x86_64, r-oldrel-windows-x86_64