Last updated on 2024-04-24 20:54:07 CEST.
Flavor | Version | Tinstall | Tcheck | Ttotal | Status | Flags |
---|---|---|---|---|---|---|
r-devel-linux-x86_64-debian-clang | 1.0.1 | 37.37 | 114.35 | 151.72 | NOTE | |
r-devel-linux-x86_64-debian-gcc | 1.0.1 | 36.71 | 89.25 | 125.96 | NOTE | |
r-devel-linux-x86_64-fedora-clang | 1.0.1 | 206.01 | NOTE | |||
r-devel-linux-x86_64-fedora-gcc | 1.0.1 | 220.98 | NOTE | |||
r-devel-windows-x86_64 | 1.0.1 | 33.00 | 121.00 | 154.00 | NOTE | |
r-patched-linux-x86_64 | 1.0.1 | 45.83 | 115.10 | 160.93 | NOTE | |
r-release-linux-x86_64 | 1.0.1 | 37.89 | 116.26 | 154.15 | NOTE | |
r-release-macos-arm64 | 1.0.1 | 81.00 | NOTE | |||
r-release-windows-x86_64 | 1.0.1 | 34.00 | 122.00 | 156.00 | NOTE | |
r-oldrel-macos-arm64 | 1.0.1 | 73.00 | NOTE | |||
r-oldrel-macos-x86_64 | 1.0.1 | 113.00 | NOTE | |||
r-oldrel-windows-x86_64 | 1.0.1 | 44.00 | 145.00 | 189.00 | NOTE |
Version: 1.0.1
Check: LazyData
Result: NOTE
'LazyData' is specified without a 'data' directory
Flavors: r-devel-linux-x86_64-debian-clang, r-devel-linux-x86_64-debian-gcc, r-devel-linux-x86_64-fedora-clang, r-devel-linux-x86_64-fedora-gcc, r-devel-windows-x86_64, r-patched-linux-x86_64, r-release-linux-x86_64, r-release-macos-arm64, r-release-windows-x86_64, r-oldrel-macos-arm64, r-oldrel-macos-x86_64, r-oldrel-windows-x86_64
Version: 1.0.1
Check: installed package size
Result: NOTE
installed size is 5.3Mb
sub-directories of 1Mb or more:
libs 5.1Mb
Flavors: r-release-macos-arm64, r-oldrel-macos-arm64