CRAN Package Check Results for Package funnelR

Last updated on 2025-11-23 20:48:48 CET.

Flavor Version Tinstall Tcheck Ttotal Status Flags
r-devel-linux-x86_64-debian-clang 0.1.0 5.66 63.77 69.43 NOTE
r-devel-linux-x86_64-debian-gcc 0.1.0 3.56 48.05 51.61 NOTE
r-devel-linux-x86_64-fedora-clang 0.1.0 25.00 88.05 113.05 OK
r-devel-linux-x86_64-fedora-gcc 0.1.0 10.00 107.86 117.86 OK
r-devel-windows-x86_64 0.1.0 8.00 71.00 79.00 OK
r-patched-linux-x86_64 0.1.0 4.42 60.16 64.58 OK
r-release-linux-x86_64 0.1.0 5.34 60.30 65.64 OK
r-release-macos-arm64 0.1.0 OK
r-release-macos-x86_64 0.1.0 4.00 55.00 59.00 OK
r-release-windows-x86_64 0.1.0 7.00 77.00 84.00 OK
r-oldrel-macos-arm64 0.1.0 NOTE
r-oldrel-macos-x86_64 0.1.0 3.00 44.00 47.00 NOTE
r-oldrel-windows-x86_64 0.1.0 10.00 88.00 98.00 NOTE

Check Details

Version: 0.1.0
Check: CRAN incoming feasibility
Result: NOTE Maintainer: ‘Matthew Kumar <mattkumar@gmail.com>’ No Authors@R field in DESCRIPTION. Please add one, modifying Authors@R: person(given = "Matthew", family = "Kumar", role = c("aut", "cre"), email = "mattkumar@gmail.com") as necessary. Found the following (possibly) invalid file URI: URI: www.ncbi.nlm.nih.gov/pubmed/15568194 From: inst/doc/introduction.html Flavors: r-devel-linux-x86_64-debian-clang, r-devel-linux-x86_64-debian-gcc

Version: 0.1.0
Check: LazyData
Result: NOTE 'LazyData' is specified without a 'data' directory Flavors: r-oldrel-macos-arm64, r-oldrel-macos-x86_64, r-oldrel-windows-x86_64