CRAN Package Check Results for Package fundiversity

Last updated on 2022-10-03 21:53:37 CEST.

Flavor Version Tinstall Tcheck Ttotal Status Flags
r-devel-linux-x86_64-debian-clang 1.0.0 10.08 102.87 112.95 OK
r-devel-linux-x86_64-debian-gcc 1.0.0 4.96 77.55 82.51 OK
r-devel-linux-x86_64-fedora-clang 1.0.0 148.85 NOTE
r-devel-linux-x86_64-fedora-gcc 1.0.0 156.80 OK
r-devel-windows-x86_64 1.0.0 37.00 157.00 194.00 OK
r-patched-linux-x86_64 1.0.0 8.50 95.95 104.45 OK
r-release-linux-x86_64 1.0.0 8.54 97.78 106.32 OK
r-release-macos-arm64 1.0.0 43.00 OK
r-release-macos-x86_64 1.0.0 60.00 OK
r-release-windows-x86_64 1.0.0 27.00 138.00 165.00 OK
r-oldrel-macos-arm64 1.0.0 47.00 OK
r-oldrel-macos-x86_64 1.0.0 64.00 OK
r-oldrel-windows-ix86+x86_64 1.0.0 22.00 131.00 153.00 OK

Check Details

Version: 1.0.0
Check: Rd cross-references
Result: NOTE
    Undeclared package ‘future’ in Rd xrefs
Flavor: r-devel-linux-x86_64-fedora-clang