CRAN Package Check Results for Package funcharts

Last updated on 2024-06-12 20:58:56 CEST.

Flavor Version Tinstall Tcheck Ttotal Status Flags
r-devel-linux-x86_64-debian-clang 1.4.1 14.72 195.50 210.22 OK
r-devel-linux-x86_64-debian-gcc 1.4.1 0.61 1.77 2.38 ERROR
r-devel-linux-x86_64-fedora-clang 1.4.1 260.20 OK
r-devel-linux-x86_64-fedora-gcc 1.4.1 255.78 OK
r-devel-windows-x86_64 1.4.1 13.00 161.00 174.00 OK
r-patched-linux-x86_64 1.4.1 12.24 191.57 203.81 OK
r-release-linux-x86_64 1.4.1 12.70 195.70 208.40 OK
r-release-macos-arm64 1.4.1 76.00 OK
r-release-macos-x86_64 1.4.1 124.00 OK
r-release-windows-x86_64 1.4.1 13.00 161.00 174.00 OK
r-oldrel-macos-arm64 1.4.1 81.00 OK
r-oldrel-macos-x86_64 1.4.1 182.00 OK
r-oldrel-windows-x86_64 1.4.1 17.00 201.00 218.00 OK

Check Details

Version: 1.4.1
Check: package dependencies
Result: ERROR Packages required but not available: 'fda', 'ggplot2', 'tidyr', 'patchwork', 'roahd', 'dplyr', 'stringr', 'fda.usc', 'rofanova' Package suggested but not available for checking: ‘testthat’ See section ‘The DESCRIPTION file’ in the ‘Writing R Extensions’ manual. Flavor: r-devel-linux-x86_64-debian-gcc