CRAN Package Check Results for Package funMoDisco

Last updated on 2025-04-29 21:49:47 CEST.

Flavor Version Tinstall Tcheck Ttotal Status Flags
r-devel-linux-x86_64-debian-clang 1.0.0 165.11 150.18 315.29 OK
r-devel-linux-x86_64-debian-gcc 1.0.0 123.72 103.10 226.82 OK
r-devel-linux-x86_64-fedora-clang 1.0.0 609.25 OK
r-devel-linux-x86_64-fedora-gcc 1.0.0 555.75 OK
r-devel-windows-x86_64 1.0.0 181.00 216.00 397.00 OK
r-patched-linux-x86_64 1.0.0 163.74 136.91 300.65 OK
r-release-linux-x86_64 1.0.0 159.27 137.86 297.13 OK
r-release-macos-arm64 1.0.0 7.00 ERROR
r-release-macos-x86_64 1.0.0 20.00 ERROR
r-release-windows-x86_64 1.0.0 181.00 168.00 349.00 OK
r-oldrel-macos-arm64 1.0.0 13.00 ERROR
r-oldrel-macos-x86_64 1.0.0 23.00 ERROR
r-oldrel-windows-x86_64 1.0.0 210.00 218.00 428.00 NOTE

Check Details

Version: 1.0.0
Check: whether package can be installed
Result: ERROR Installation failed. Flavors: r-release-macos-arm64, r-release-macos-x86_64, r-oldrel-macos-arm64, r-oldrel-macos-x86_64

Version: 1.0.0
Check: installed package size
Result: NOTE installed size is 6.8Mb sub-directories of 1Mb or more: data 4.4Mb libs 1.6Mb Flavor: r-oldrel-windows-x86_64