Last updated on 2023-12-08 20:55:09 CET.
Flavor | Version | Tinstall | Tcheck | Ttotal | Status | Flags |
---|---|---|---|---|---|---|
r-devel-linux-x86_64-debian-clang | 1.0 | 1.92 | 20.72 | 22.64 | OK | |
r-devel-linux-x86_64-debian-gcc | 1.0 | 1.64 | 16.42 | 18.06 | OK | |
r-devel-linux-x86_64-fedora-clang | 1.0 | 30.66 | NOTE | |||
r-devel-linux-x86_64-fedora-gcc | 1.0 | 27.68 | NOTE | |||
r-devel-windows-x86_64 | 1.0 | 3.00 | 39.00 | 42.00 | OK | |
r-patched-linux-x86_64 | 1.0 | 2.08 | 20.87 | 22.95 | OK | |
r-release-linux-x86_64 | 1.0 | 1.35 | 20.96 | 22.31 | OK | |
r-release-macos-arm64 | 1.0 | 15.00 | OK | |||
r-release-macos-x86_64 | 1.0 | 20.00 | OK | |||
r-release-windows-x86_64 | 1.0 | 4.00 | 37.00 | 41.00 | OK | |
r-oldrel-macos-arm64 | 1.0 | 14.00 | NOTE | |||
r-oldrel-macos-x86_64 | 1.0 | 25.00 | NOTE | |||
r-oldrel-windows-x86_64 | 1.0 | 4.00 | 42.00 | 46.00 | OK |
Version: 1.0
Check: data for non-ASCII characters
Result: NOTE
Note: found 39 marked UTF-8 strings
Flavors: r-devel-linux-x86_64-fedora-clang, r-devel-linux-x86_64-fedora-gcc, r-oldrel-macos-arm64, r-oldrel-macos-x86_64