CRAN Package Check Results for Package frostr

Last updated on 2023-10-04 20:42:27 CEST.

Flavor Version Tinstall Tcheck Ttotal Status Flags
r-devel-linux-x86_64-debian-clang 0.2.0 5.88 42.79 48.67 NOTE
r-devel-linux-x86_64-debian-gcc 0.2.0 4.55 32.94 37.49 NOTE
r-devel-linux-x86_64-fedora-clang 0.2.0 58.09 NOTE
r-devel-linux-x86_64-fedora-gcc 0.2.0 57.45 NOTE
r-devel-windows-x86_64 0.2.0 6.00 56.00 62.00 NOTE
r-patched-linux-x86_64 0.2.0 3.18 41.39 44.57 NOTE
r-release-linux-x86_64 0.2.0 4.87 41.03 45.90 NOTE
r-release-macos-arm64 0.2.0 21.00 NOTE
r-release-macos-x86_64 0.2.0 30.00 NOTE
r-release-windows-x86_64 0.2.0 8.00 56.00 64.00 NOTE
r-oldrel-macos-arm64 0.2.0 18.00 NOTE
r-oldrel-macos-x86_64 0.2.0 45.00 NOTE
r-oldrel-windows-x86_64 0.2.0 8.00 60.00 68.00 NOTE

Check Details

Version: 0.2.0
Check: LazyData
Result: NOTE
     'LazyData' is specified without a 'data' directory
Flavors: r-devel-linux-x86_64-debian-clang, r-devel-linux-x86_64-debian-gcc, r-devel-linux-x86_64-fedora-clang, r-devel-linux-x86_64-fedora-gcc, r-devel-windows-x86_64, r-patched-linux-x86_64, r-release-linux-x86_64, r-release-macos-arm64, r-release-macos-x86_64, r-release-windows-x86_64, r-oldrel-macos-arm64, r-oldrel-macos-x86_64, r-oldrel-windows-x86_64