CRAN Package Check Results for Package frostr

Last updated on 2022-10-02 22:51:38 CEST.

Flavor Version Tinstall Tcheck Ttotal Status Flags
r-devel-linux-x86_64-debian-clang 0.2.0 5.80 49.31 55.11 NOTE
r-devel-linux-x86_64-debian-gcc 0.2.0 4.42 37.11 41.53 NOTE
r-devel-linux-x86_64-fedora-clang 0.2.0 80.69 NOTE
r-devel-linux-x86_64-fedora-gcc 0.2.0 80.72 NOTE
r-devel-windows-x86_64 0.2.0 14.00 73.00 87.00 NOTE
r-patched-linux-x86_64 0.2.0 5.82 45.75 51.57 NOTE
r-release-linux-x86_64 0.2.0 4.92 45.62 50.54 NOTE
r-release-macos-arm64 0.2.0 18.00 NOTE
r-release-macos-x86_64 0.2.0 45.00 NOTE
r-release-windows-x86_64 0.2.0 10.00 70.00 80.00 NOTE
r-oldrel-macos-arm64 0.2.0 28.00 NOTE
r-oldrel-macos-x86_64 0.2.0 34.00 NOTE
r-oldrel-windows-ix86+x86_64 0.2.0 14.00 68.00 82.00 NOTE

Check Details

Version: 0.2.0
Check: LazyData
Result: NOTE
     'LazyData' is specified without a 'data' directory
Flavors: r-devel-linux-x86_64-debian-clang, r-devel-linux-x86_64-debian-gcc, r-devel-linux-x86_64-fedora-clang, r-devel-linux-x86_64-fedora-gcc, r-devel-windows-x86_64, r-patched-linux-x86_64, r-release-linux-x86_64, r-release-macos-arm64, r-release-macos-x86_64, r-release-windows-x86_64, r-oldrel-macos-arm64, r-oldrel-macos-x86_64, r-oldrel-windows-ix86+x86_64